000
CDUS43 KSGF 020637
CLIUNO


CLIMATE REPORT
NATIONAL WEATHER SERVICE SPRINGFIELD MO
136 AM CDT THU APR 2 2015


...................................

...THE WEST PLAINS MO CLIMATE SUMMARY FOR APRIL 1 2015...

CLIMATE NORMAL PERIOD 1981 TO 2010
CLIMATE RECORD PERIOD 1947 TO 2015


WEATHER ITEM   OBSERVED TIME   RECORD YEAR NORMAL DEPARTURE LAST
                VALUE   (LST)  VALUE       VALUE  FROM      YEAR
                                                  NORMAL
..................................................................
TEMPERATURE (F)
 YESTERDAY
  MAXIMUM         69   1142 AM  86    2012  65      4       72
  MINIMUM         52    615 AM  22    1954  41     11       44
  AVERAGE         61                        53      8       58

PRECIPITATION (IN)
  YESTERDAY        0.05          0.92 1983   0.16  -0.11     0.00
  MONTH TO DATE    0.05                      0.16  -0.11     0.00
  SINCE MAR 1      4.08                      4.45  -0.37     3.22
  SINCE JAN 1      8.76                     10.01  -1.25     5.07

DEGREE DAYS
 HEATING
  YESTERDAY        4                        12     -8        7
  MONTH TO DATE    4                        12     -8        7
  SINCE MAR 1    563                       558      5      709
  SINCE JUL 1   4360                      4022    338     4507

 COOLING
  YESTERDAY        0                         0      0        0
  MONTH TO DATE    0                         0      0        0
  SINCE MAR 1      0                         4     -4        0
  SINCE JAN 1      0                         4     -4        0
..................................................................


WIND (MPH)
  HIGHEST WIND SPEED    22   HIGHEST WIND DIRECTION     E (110)
  HIGHEST GUST SPEED    28   HIGHEST GUST DIRECTION    SE (120)
  AVERAGE WIND SPEED    10.1


SKY COVER
  AVERAGE SKY COVER 0.3


WEATHER CONDITIONS
 THE FOLLOWING WEATHER WAS RECORDED YESTERDAY.
  HEAVY RAIN
  FOG


RELATIVE HUMIDITY (PERCENT)
 HIGHEST    84           800 PM
 LOWEST     40           900 AM
 AVERAGE    62

..........................................................


THE WEST PLAINS MO CLIMATE NORMALS FOR TODAY
                         NORMAL    RECORD    YEAR
 MAXIMUM TEMPERATURE (F)   66        87      2012
 MINIMUM TEMPERATURE (F)   41        22      1992


SUNRISE AND SUNSET
APRIL  2 2015.........SUNRISE   652 AM CDT   SUNSET   731 PM CDT
APRIL  3 2015.........SUNRISE   651 AM CDT   SUNSET   732 PM CDT


-  INDICATES NEGATIVE NUMBERS.
R  INDICATES RECORD WAS SET OR TIED.
MM INDICATES DATA IS MISSING.
T  INDICATES TRACE AMOUNT.




$$
