000
CDUS44 KCRP 200020
CLIVCT

CLIMATE REPORT
NATIONAL WEATHER SERVICE CORPUS CHRISTI TX
716 PM CDT SUN APR 19 2015


...................................

...THE VICTORIA CLIMATE SUMMARY FOR APRIL 19 2015...
VALID TODAY AS OF 700 PM LOCAL TIME.

CLIMATE NORMAL PERIOD 1981 TO 2010
CLIMATE RECORD PERIOD 1893 TO 2015


WEATHER ITEM   OBSERVED TIME   RECORD YEAR NORMAL DEPARTURE LAST
                VALUE   (LST)  VALUE       VALUE  FROM      YEAR
                                                  NORMAL
..................................................................
TEMPERATURE (F)
 TODAY
  MAXIMUM         84    435 PM  93    2011  81      3       82
  MINIMUM         61    606 AM  44    1953  60      1       51
                                      1940
  AVERAGE         73                        71      2       67

PRECIPITATION (IN)
  TODAY            0.00          1.65 1949   0.09  -0.09     0.00
  MONTH TO DATE    4.83                      1.70   3.13     0.38
  SINCE MAR 1     13.20                      4.47   8.73     2.00
  SINCE JAN 1     17.25                      9.07   8.18     3.66

SNOWFALL (IN)
  TODAY            0.0
  MONTH TO DATE    0.0
  SINCE MAR 1      0.0
  SINCE JUL 1      0.0
  SNOW DEPTH       0

DEGREE DAYS
 HEATING
  TODAY            0                         1     -1        0
  MONTH TO DATE    0                        26    -26       32
  SINCE MAR 1    139                       151    -12      237
  SINCE JUL 1   1219                      1244    -25     1490

 COOLING
  TODAY            8                         6      2        2
  MONTH TO DATE  151                        94     57       81
  SINCE MAR 1    211                       168     43      133
  SINCE JAN 1    226                       206     20      191
..................................................................


WIND (MPH)
  HIGHEST WIND SPEED    14   HIGHEST WIND DIRECTION    SW (210)
  HIGHEST GUST SPEED    18   HIGHEST GUST DIRECTION     S (200)


SKY COVER
  POSSIBLE SUNSHINE  MM
  AVERAGE SKY COVER 0.4


WEATHER CONDITIONS
 THE FOLLOWING WEATHER WAS RECORDED TODAY.
  FOG


RELATIVE HUMIDITY (PERCENT)
 HIGHEST   100          1200 AM
 LOWEST     65           400 PM
 AVERAGE    83

..........................................................


THE VICTORIA CLIMATE NORMALS FOR TOMORROW
                         NORMAL    RECORD    YEAR
 MAXIMUM TEMPERATURE (F)   81        93      1903
 MINIMUM TEMPERATURE (F)   61        37      2013


SUNRISE AND SUNSET
APRIL 19 2015.........SUNRISE   658 AM CDT   SUNSET   756 PM CDT
APRIL 20 2015.........SUNRISE   657 AM CDT   SUNSET   757 PM CDT


-  INDICATES NEGATIVE NUMBERS.
R  INDICATES RECORD WAS SET OR TIED.
MM INDICATES DATA IS MISSING.
T  INDICATES TRACE AMOUNT.




$$
