000
CDUS42 KTAE 270637
CLIVLD


CLIMATE REPORT
NATIONAL WEATHER SERVICE TALLAHASSEE FL
236 AM EDT MON APR 27 2015


...................................

...THE VALDOSTA CLIMATE SUMMARY FOR APRIL 26 2015...

CLIMATE NORMAL PERIOD 1981 TO 2010
CLIMATE RECORD PERIOD 1948 TO 2015


WEATHER ITEM   OBSERVED TIME   NORMAL DEPARTURE LAST
                VALUE   (LST)  VALUE  FROM      YEAR
                                      NORMAL
......................................................
TEMPERATURE (F)
 YESTERDAY
  MAXIMUM         88    409 PM  82      6       91
  MINIMUM         68    623 AM  55     13       61
  AVERAGE         78            68     10       76

PRECIPITATION (IN)
  YESTERDAY        0.00          0.07  -0.07     0.00
  MONTH TO DATE    4.82          2.62   2.20     8.23
  SINCE MAR 1      7.32          7.49  -0.17    12.39
  SINCE JAN 1     16.48         16.22   0.26    18.53

DEGREE DAYS
 HEATING
  YESTERDAY        0             1     -1        0
  MONTH TO DATE    0            64    -64       28
  SINCE MAR 1     96           250   -154      187
  SINCE JUL 1   1580          1630    -50     1238

 COOLING
  YESTERDAY       13             4      9       11
  MONTH TO DATE  194            73    121      130
  SINCE MAR 1    286           106    180      163
  SINCE JAN 1    290           116    174      195
......................................................


WIND (MPH)
  HIGHEST WIND SPEED     9   HIGHEST WIND DIRECTION     W (290)
  HIGHEST GUST SPEED    16   HIGHEST GUST DIRECTION     W (260)
  AVERAGE WIND SPEED     3.3




RELATIVE HUMIDITY (PERCENT)
 HIGHEST   100
 LOWEST     40
 AVERAGE    70

..........................................................




SUNRISE AND SUNSET
APRIL 27 2015.........SUNRISE   653 AM EDT   SUNSET   809 PM EDT
APRIL 28 2015.........SUNRISE   652 AM EDT   SUNSET   810 PM EDT


-  INDICATES NEGATIVE NUMBERS.
R  INDICATES RECORD WAS SET OR TIED.
MM INDICATES DATA IS MISSING.
T  INDICATES TRACE AMOUNT.




$$
