000
CDUS41 KBTV 240606
CLIVSF


CLIMATE REPORT
NATIONAL WEATHER SERVICE BURLINGTON VT
205 AM EDT FRI APR 24 2015


...................................

...THE SPRINGFIELD VT CLIMATE SUMMARY FOR APRIL 23 2015...

CLIMATE NORMAL PERIOD 1981 TO 2010
CLIMATE RECORD PERIOD 9999 TO 9999


WEATHER ITEM   OBSERVED TIME   NORMAL DEPARTURE LAST
                VALUE   (LST)  VALUE  FROM      YEAR
                                      NORMAL
......................................................
TEMPERATURE (F)
 YESTERDAY
  MAXIMUM         45    304 PM  60    -15       54
  MINIMUM         31   1112 PM  36     -5       42
  AVERAGE         38            48    -10       48

PRECIPITATION (IN)
  YESTERDAY        T             0.10  -0.10      T
  MONTH TO DATE    2.24          2.90  -0.66     1.94
  SINCE MAR 1      3.09          6.20  -3.11     3.96
  SINCE JAN 1      7.24         11.81  -4.57     7.65

DEGREE DAYS
 HEATING
  YESTERDAY       27            17     10       17
  MONTH TO DATE  529           513     16      504
  SINCE MAR 1   1728          1548    180     1776
  SINCE JUL 1   7280          6993    287     7487

 COOLING
  YESTERDAY        0             0      0        0
  MONTH TO DATE    0             0      0        0
  SINCE MAR 1      0             0      0        0
  SINCE JAN 1      0             0      0        0
......................................................


WIND (MPH)
  HIGHEST WIND SPEED    23   HIGHEST WIND DIRECTION     W (260)
  HIGHEST GUST SPEED    31   HIGHEST GUST DIRECTION     W (260)
  AVERAGE WIND SPEED     9.3


SKY COVER
  AVERAGE SKY COVER 0.8


WEATHER CONDITIONS
 THE FOLLOWING WEATHER WAS RECORDED YESTERDAY.
  LIGHT SNOW


RELATIVE HUMIDITY (PERCENT)
 HIGHEST    82           400 AM
 LOWEST     36          1200 PM
 AVERAGE    59

..........................................................


THE SPRINGFIELD VT CLIMATE NORMALS FOR TODAY
                         NORMAL    RECORD    YEAR
 MAXIMUM TEMPERATURE (F)   60        84      2001
 MINIMUM TEMPERATURE (F)   36        27      2003


SUNRISE AND SUNSET
APRIL 24 2015.........SUNRISE   554 AM EDT   SUNSET   743 PM EDT
APRIL 25 2015.........SUNRISE   552 AM EDT   SUNSET   744 PM EDT


-  INDICATES NEGATIVE NUMBERS.
R  INDICATES RECORD WAS SET OR TIED.
MM INDICATES DATA IS MISSING.
T  INDICATES TRACE AMOUNT.




$$
