000
CDUS46 KPQR 061144
CLIVUO


CLIMATE REPORT
NATIONAL WEATHER SERVICE PORTLAND OREGON
443 AM PDT WED MAY 6 2015


...................................

...THE VANCOUVER WA CLIMATE SUMMARY FOR MAY 5 2015...

CLIMATE NORMAL PERIOD 1981 TO 2010
CLIMATE RECORD PERIOD 1891 TO 2015


WEATHER ITEM   OBSERVED TIME   RECORD YEAR NORMAL DEPARTURE LAST
                VALUE   (LST)  VALUE       VALUE  FROM      YEAR
                                                  NORMAL
..................................................................
TEMPERATURE (F)
 YESTERDAY
  MAXIMUM         64    235 PM  87    1953  66     -2       63
  MINIMUM         45   1147 PM  30    1978  46     -1       51
  AVERAGE         55                        56     -1       57

PRECIPITATION (IN)
  YESTERDAY        0.04                      0.10  -0.06     0.03
  MONTH TO DATE    0.04                      0.47  -0.43     0.62
  SINCE OCT 1     28.92                     32.33  -3.41    22.64
  SINCE JAN 1     14.03                     16.58  -2.55    17.17

DEGREE DAYS
 HEATING
  YESTERDAY       10                                         8
  MONTH TO DATE   38                                        29
  SINCE JUL 1   3528                                      4375

 COOLING
  YESTERDAY        0                                         0
  MONTH TO DATE    0                                         3
  SINCE JAN 1      0                                         3
..................................................................


WIND (MPH)
  HIGHEST WIND SPEED    15   HIGHEST WIND DIRECTION    SW (240)
  HIGHEST GUST SPEED    20   HIGHEST GUST DIRECTION    SW (230)
  AVERAGE WIND SPEED     4.3


SKY COVER
  POSSIBLE SUNSHINE  MM
  AVERAGE SKY COVER 0.7


WEATHER CONDITIONS
 THE FOLLOWING WEATHER WAS RECORDED YESTERDAY.
  LIGHT RAIN


RELATIVE HUMIDITY (PERCENT)
 HIGHEST    74           300 AM
 LOWEST     42           200 PM
 AVERAGE    58

..........................................................




SUNRISE AND SUNSET
MAY  6 2015...........SUNRISE   551 AM PDT   SUNSET   824 PM PDT
MAY  7 2015...........SUNRISE   550 AM PDT   SUNSET   825 PM PDT


-  INDICATES NEGATIVE NUMBERS.
R  INDICATES RECORD WAS SET OR TIED.
MM INDICATES DATA IS MISSING.
T  INDICATES TRACE AMOUNT.




$$
