000
CDUS46 KLOX 210903
CLIWJF


CLIMATE REPORT
NATIONAL WEATHER SERVICE LOS ANGELES/OXNARD CA
203 AM PDT TUE APR 21 2015


...................................

...THE LANCASTER FOX FIELD CA CLIMATE SUMMARY FOR APRIL 20 2015...

CLIMATE NORMAL PERIOD 1981 TO 2010
CLIMATE RECORD PERIOD 1948 TO 2015


WEATHER ITEM   OBSERVED TIME   RECORD YEAR NORMAL DEPARTURE
                VALUE   (LST)  VALUE       VALUE  FROM
                                                  NORMAL
...............................................................
TEMPERATURE (F)
 YESTERDAY
  MAXIMUM         82        MM  97    1950  74      8
  MINIMUM         57        MM  31    1966  46     11
  AVERAGE         70                        60     10

PRECIPITATION (IN)
  YESTERDAY        0.00          0.21 2001   0.01  -0.01
  MONTH TO DATE    0.01                      0.27  -0.26
  SINCE OCT 1      4.33                      6.82  -2.49
  SINCE JAN 1      1.41                      4.69  -3.28

SNOWFALL (IN)
  YESTERDAY        0.0           0.0    MM
  MONTH TO DATE    0.0
  SINCE MAR 1      0.0
  SINCE JUL 1      0.0
  SNOW DEPTH       0

DEGREE DAYS
 HEATING
  YESTERDAY        0                               -6
  MONTH TO DATE  141                              -19
  SINCE MAR 1    359                             -169
  SINCE JUL 1   2228                             -593

 COOLING
  YESTERDAY        5                                4
  MONTH TO DATE    8                               -3
  SINCE MAR 1     14                                1
  SINCE JAN 1     14                                1
...............................................................


WIND (MPH)
  HIGHEST WIND SPEED    24   HIGHEST WIND DIRECTION    SW (240)
  HIGHEST GUST SPEED    33   HIGHEST GUST DIRECTION    SW (240)
  AVERAGE WIND SPEED    11.1




RELATIVE HUMIDITY (PERCENT)
 HIGHEST    46
 LOWEST     14
 AVERAGE    30

..........................................................


THE LANCASTER FOX FIELD CA CLIMATE NORMALS FOR TODAY
                         NORMAL    RECORD    YEAR
 MAXIMUM TEMPERATURE (F)   75        95      2012
 MINIMUM TEMPERATURE (F)   46        32      2002


SUNRISE AND SUNSET
APRIL 21 2015.........SUNRISE   614 AM PDT   SUNSET   730 PM PDT
APRIL 22 2015.........SUNRISE   613 AM PDT   SUNSET   731 PM PDT


-  INDICATES NEGATIVE NUMBERS.
R  INDICATES RECORD WAS SET OR TIED.
MM INDICATES DATA IS MISSING.
T  INDICATES TRACE AMOUNT.




$$
