000
CXUS56 KPQR 011444
CLMAST


CLIMATE REPORT
NATIONAL WEATHER SERVICE PORTLAND OREGON
744 AM PDT WED APR 1 2015

...................................

...THE ASTORIA OR CLIMATE SUMMARY FOR THE MONTH OF MARCH 2015...

CLIMATE NORMAL PERIOD 1981 TO 2010
CLIMATE RECORD PERIOD 1892 TO 2015

WEATHER         OBSERVED          NORMAL  DEPART  LAST YEAR`S
                 VALUE   DATE(S)  VALUE   FROM    VALUE  DATE(S)
                                          NORMAL
................................................................
TEMPERATURE (F)
HIGHEST            67                                 67  03/24
LOWEST             29                                 30  03/22
AVG. MAXIMUM     58.4              53.8     4.6     54.7
AVG. MINIMUM     41.0              38.9     2.1     41.5
MEAN             49.7              46.4     3.3     48.1
DAYS MAX >= 90      0               0.0     0.0        0
DAYS MAX <= 32      0               0.0     0.0        0
DAYS MIN <= 32      3               3.4    -0.4        2
DAYS MIN <= 0       0               0.0     0.0        0

PRECIPITATION (INCHES)
RECORD
 MAXIMUM        17.23   1916
 MINIMUM         0.93   1965
TOTALS           6.58              7.45   -0.87    10.86
DAYS >= .01        18              21.0    -3.0       25
DAYS >= .10        12              15.4    -3.4       20
DAYS >= .50         3               4.9    -1.9        8
DAYS >= 1.00        2               1.5     0.5        4
GREATEST
 24 HR. TOTAL    1.77   03/15 TO 03/15

DEGREE_DAYS
HEATING TOTAL     469               578    -109      516
 SINCE 7/1       3009              3920    -911     3945
COOLING TOTAL       0                 0       0        0
 SINCE 1/1          0                 0       0        0
.................................................................

WIND (MPH)
AVERAGE WIND SPEED              7.0
RESULTANT WIND SPEED/DIRECTION   3/217
HIGHEST WIND SPEED/DIRECTION    40/180    DATE  03/15
HIGHEST GUST SPEED/DIRECTION    67/170    DATE  03/15

SKY COVER
POSSIBLE SUNSHINE (PERCENT)   MM
AVERAGE SKY COVER           0.50
NUMBER OF DAYS FAIR            9
NUMBER OF DAYS PC             14
NUMBER OF DAYS CLOUDY          8

AVERAGE RH (PERCENT)     78

WEATHER CONDITIONS. NUMBER OF DAYS WITH
THUNDERSTORM              0     MIXED PRECIP               0
HEAVY RAIN                0     RAIN                       9
LIGHT RAIN               19     FREEZING RAIN              0
LT FREEZING RAIN          0     HAIL                       0
HEAVY SNOW                0     SNOW                       0
LIGHT SNOW                0     SLEET                      0
FOG                      27     FOG W/VIS <= 1/4 MILE      7
HAZE                      4

-  INDICATES NEGATIVE NUMBERS.
R  INDICATES RECORD WAS SET OR TIED.
MM INDICATES DATA IS MISSING.
T  INDICATES TRACE AMOUNT.

$$
