000
CXUS46 KLOX 011703
CLMCMA


CLIMATE REPORT
NATIONAL WEATHER SERVICE LOS ANGELES/OXNARD CA
1003 AM PDT WED APR 1 2015

...................................

...THE CAMARILLO AIRPORT CA CLIMATE SUMMARY FOR THE MONTH OF MARCH 2015...

CLIMATE NORMAL PERIOD 1981 TO 2010
CLIMATE RECORD PERIOD 1948 TO 2015

WEATHER         OBSERVED          NORMAL  DEPART  LAST YEAR`S
                 VALUE   DATE(S)  VALUE   FROM    VALUE
                                          NORMAL
.............................................................
TEMPERATURE (F)
HIGHEST            93   03/26
LOWEST             42   03/04
AVG. MAXIMUM     76.5              65.8    10.7
AVG. MINIMUM     50.7              46.6     4.1
MEAN             63.6              56.2     7.4
DAYS MAX >= 90      3
DAYS MAX <= 32      0
DAYS MIN <= 32      0
DAYS MIN <= 0       0

PRECIPITATION (INCHES)
TOTALS           0.52              2.65   -2.13
DAILY AVG.       0.02
DAYS >= .01         1
DAYS >= .10         1
DAYS >= .50         1
DAYS >= 1.00        0
GREATEST
 24 HR. TOTAL    0.52   03/01 TO 03/01

DEGREE_DAYS
HEATING TOTAL      91               277    -186      151
 SINCE 7/1        748              1613    -865     1104
COOLING TOTAL      56                 4      52       12
 SINCE 1/1         95                13      82       40
..............................................................

WIND (MPH)
AVERAGE WIND SPEED              5.7
HIGHEST WIND SPEED/DIRECTION    31/070    DATE  03/13
HIGHEST GUST SPEED/DIRECTION    42/050    DATE  03/06

SKY COVER
POSSIBLE SUNSHINE (PERCENT)   MM
AVERAGE SKY COVER           0.20
NUMBER OF DAYS FAIR           24
NUMBER OF DAYS PC              7
NUMBER OF DAYS CLOUDY          0

AVERAGE RH (PERCENT)     60

WEATHER CONDITIONS. NUMBER OF DAYS WITH
THUNDERSTORM              0     MIXED PRECIP               0
HEAVY RAIN                1     RAIN                       1
LIGHT RAIN                1     FREEZING RAIN              0
LT FREEZING RAIN          0     HAIL                       0
HEAVY SNOW                0     SNOW                       0
LIGHT SNOW                0     SLEET                      0
FOG                      13     FOG W/VIS <= 1/4 MILE      5
HAZE                     10

-  INDICATES NEGATIVE NUMBERS.
R  INDICATES RECORD WAS SET OR TIED.
MM INDICATES DATA IS MISSING.
T  INDICATES TRACE AMOUNT.

$$
