000
CXUS53 KGID 011517
CLMEAR

CLIMATE REPORT
NATIONAL WEATHER SERVICE HASTINGS NE
1017 AM CDT FRI MAY 1 2015

...................................

...THE KEARNEY CLIMATE SUMMARY FOR THE MONTH OF APRIL 2015...

CLIMATE NORMAL PERIOD 1981 TO 2010
CLIMATE RECORD PERIOD 1894 TO 2015

WEATHER         OBSERVED          NORMAL  DEPART  LAST YEAR`S
                 VALUE   DATE(S)  VALUE   FROM    VALUE  DATE(S)
                                          NORMAL
................................................................
TEMPERATURE (F)
HIGHEST            86   04/01        85       1       84  04/23
                                                          04/09
LOWEST             28   04/22        20       8       21  04/01
                        04/04
AVG. MAXIMUM     63.8              62.1     1.7     62.7
AVG. MINIMUM     39.4              35.3     4.1     38.4
MEAN             51.6              48.7     2.9     50.5
DAYS MAX >= 90      0               0.3    -0.3        0
DAYS MAX <= 32      0               0.3    -0.3        0
DAYS MIN <= 32      3              11.1    -8.1        8
DAYS MIN <= 0       0               0.0     0.0        0

PRECIPITATION (INCHES)
TOTALS           2.93              2.23    0.70     2.30
DAILY AVG.       0.10              0.07    0.03
DAYS >= .01        11               7.7     3.3
DAYS >= .10         8               4.4     3.6
DAYS >= .50         2               1.4     0.6
DAYS >= 1.00        0               0.6    -0.6
GREATEST
 24 HR. TOTAL    0.96   04/16 TO 04/16

DEGREE_DAYS
HEATING TOTAL     399               496     -97      432
COOLING TOTAL       4                 7      -3        4
.................................................................

WIND (MPH)
AVERAGE WIND SPEED              MM
HIGHEST WIND SPEED/DIRECTION    MM               MM
HIGHEST GUST SPEED/DIRECTION    MM               MM

AVERAGE RH (PERCENT)     62


-  INDICATES NEGATIVE NUMBERS.
R  INDICATES RECORD WAS SET OR TIED.
MM INDICATES DATA IS MISSING.
T  INDICATES TRACE AMOUNT.

&&

THE PRECIPITATION DATA SHOWN ABOVE IS RECORDED BY THE AUTOMATED
WEATHER OBSERVING SYSTEM AT THE KEARNEY AIRPORT. THE PRECIPITATION
IS DEPICTED FOR A CALENDAR DAY FROM MIDNIGHT TO MIDNIGHT. SNOWFALL
IS NOT RECORDED BY THAT SYSTEM.

THE OFFICIAL PRECIPITATION...SNOWFALL...AND SNOW DEPTH OBSERVATION
FOR KEARNEY IS RECORDED DAILY BY THE COOPERATIVE OBSERVER AT 7 AM.
THAT INFORMATION FOLLOWS...

...KEARNEY 4NE COOPERATIVE OBSERVER REPORT FOR APRIL 2015...

PRECIPITATION (IN)
MONTH TO DATE..................   3.14
YEAR TO DATE...................   3.75

SNOWFALL (IN)
MONTH TO DATE..................  TRACE
SEASONAL TOTAL (SINCE JULY 1ST)  12.6

$$
REED
