000
CXUS56 KHNX 030646
CLMFAT

CLIMATE REPORT
NATIONAL WEATHER SERVICE SAN JOAQUIN VALLEY - HANFORD CA
1146 PM PDT THU APR 2 2015

...................................

...THE FRESNO CA CLIMATE SUMMARY FOR THE MONTH OF MARCH 2015...

CLIMATE NORMAL PERIOD 1981 TO 2010
CLIMATE RECORD PERIOD 1887 TO 2015

WEATHER         OBSERVED          NORMAL  DEPART  LAST YEAR`S
                 VALUE   DATE(S)  VALUE   FROM    VALUE  DATE(S)
                                          NORMAL
................................................................
TEMPERATURE (F)
RECORD
 HIGH              91   03/27/2015
                        03/15/2015
 LOW               26   03/03/1966
                        03/02/1953
HIGHEST            91R  03/27        MM      MM       85  03/24
                        03/15                             03/16
LOWEST             41   03/03        MM      MM       45  03/11
                        03/01
AVG. MAXIMUM     77.7              67.6    10.1     74.3
AVG. MINIMUM     50.3              45.6     4.7     50.4
MEAN             64.0              56.6     7.4     62.4
DAYS MAX >= 90      2               0.0     2.0        0
DAYS MIN <= 32      0               0.1    -0.1        0

PRECIPITATION (INCHES)
RECORD
 MAXIMUM         7.24   1991
TOTALS           0.06              2.03   -1.97     0.62
DAYS >= .01         2               7.5    -5.5        5
DAYS >= .10         0               4.9    -4.9        3
DAYS >= .50         0               1.3    -1.3        0
DAYS >= 1.00        0               0.2    -0.2        0
GREATEST
 24 HR. TOTAL    0.05   03/02 TO 03/02

SNOWFALL (INCHES)
RECORDS
 TOTAL            0.2   03/23/1929
TOTALS            0.0               0.0

DEGREE_DAYS
HEATING TOTAL      83               265    -182       88
 SINCE 7/1       1409              2177    -768     1433
COOLING TOTAL      58                 5      53       12
 SINCE 1/1         58                 5      53       12
.................................................................

WIND (MPH)
AVERAGE WIND SPEED              5.4
HIGHEST WIND SPEED/DIRECTION    26/310    DATE  03/31
HIGHEST GUST SPEED/DIRECTION    33/310    DATE  03/31

AVERAGE RH (PERCENT)     53

WEATHER CONDITIONS. NUMBER OF DAYS WITH
THUNDERSTORM              0     RAIN                       2
HAIL                      0     FOG                        3
FOG W/VIS <= 1/4 MILE     0     HAZE                       5

-  INDICATES NEGATIVE NUMBERS.
R  INDICATES RECORD WAS SET OR TIED.
MM INDICATES DATA IS MISSING.
T  INDICATES TRACE AMOUNT.

$$

SANGER/OCHS

WEATHER.GOV/HANFORD
