000
CXUS52 KRAH 011433
CLMFAY


CLIMATE REPORT
NATIONAL WEATHER SERVICE RALEIGH NC
1029 AM EDT WED APR 1 2015

...................................

...THE FAYETTEVILLE REGL AIRPORT NC CLIMATE SUMMARY FOR THE MONTH OF MARCH 2015...

CLIMATE NORMAL PERIOD 1981 TO 2010
CLIMATE RECORD PERIOD 1910 TO 2015

WEATHER         OBSERVED          NORMAL  DEPART  LAST YEAR`S
                 VALUE   DATE(S)  VALUE   FROM    VALUE
                                          NORMAL
.............................................................
TEMPERATURE (F)
RECORD
 HIGH              91   03/17/1945
 LOW               14   03/03/1980
HIGHEST            86   03/17                         79
LOWEST             22   03/07                         20
AVG. MAXIMUM     66.1              66.4    -0.3     60.8
AVG. MINIMUM     42.6              42.2     0.4     36.7
MEAN             54.4              54.3     0.1     48.8
DAYS MAX >= 90      0                                  0
DAYS MAX <= 32      0                                  0
DAYS MIN <= 32      4                                 10
DAYS MIN <= 0       0                                  0

PRECIPITATION (INCHES)
RECORD
 MAXIMUM         3.64   2014
TOTALS           2.70              3.55   -0.85     3.64
DAYS >= .01        12
DAYS >= .10         7
DAYS >= .50         1
DAYS >= 1.00        1
GREATEST
 24 HR. TOTAL    1.00   03/14 TO 03/14

DEGREE_DAYS
HEATING TOTAL     341               344      -3      497
 SINCE 7/1       2837              2569     268     2822
COOLING TOTAL      17                12       5        1
 SINCE 1/1         17                16       1        4
..............................................................

WIND (MPH)
AVERAGE WIND SPEED              8.0
HIGHEST WIND SPEED/DIRECTION    35/010    DATE  03/05
HIGHEST GUST SPEED/DIRECTION    46/020    DATE  03/05

SKY COVER
POSSIBLE SUNSHINE (PERCENT)   MM
AVERAGE SKY COVER           0.40
NUMBER OF DAYS FAIR           13
NUMBER OF DAYS PC              9
NUMBER OF DAYS CLOUDY          9

AVERAGE RH (PERCENT)     65

WEATHER CONDITIONS. NUMBER OF DAYS WITH
THUNDERSTORM              1     MIXED PRECIP               0
HEAVY RAIN                2     RAIN                       4
LIGHT RAIN               11     FREEZING RAIN              0
LT FREEZING RAIN          1     HAIL                       0
HEAVY SNOW                0     SNOW                       0
LIGHT SNOW                1     SLEET                      0
FOG                      14     FOG W/VIS <= 1/4 MILE      5
HAZE                      1

-  INDICATES NEGATIVE NUMBERS.
R  INDICATES RECORD WAS SET OR TIED.
MM INDICATES DATA IS MISSING.
T  INDICATES TRACE AMOUNT.

&&

THE LOW TEMPERATURE AT FAYETTEVILLE REGIONAL AIRPORT ON
MARCH 11 WAS 62 DEGREES. THIS TIES THE PREVIOUS RECORD
HIGH MINIMUM TEMPERATURE FOR THIS DATE LAST SET IN 1925.

$$
