000
CXUS56 KHNX 030648
CLMHJO

CLIMATE REPORT
NATIONAL WEATHER SERVICE SAN JOAQUIN VALLEY - HANFORD CA
1148 PM PDT THU APR 2 2015

...................................

...THE HANFORD CA AIRPORT CLIMATE SUMMARY FOR THE MONTH OF MARCH 2015...

CLIMATE NORMAL PERIOD 1981 TO 2010
CLIMATE RECORD PERIOD 1998 TO 2015

WEATHER         OBSERVED          NORMAL  DEPART  LAST YEAR`S
                 VALUE   DATE(S)  VALUE   FROM    VALUE  DATE(S)
                                          NORMAL
................................................................
TEMPERATURE (F)
RECORD
 HIGH              94   03/27/2015
 LOW               27   03/10/2009
HIGHEST            94R  03/27        MM      MM       84  03/16
LOWEST             36   03/03        MM      MM       39  03/18
AVG. MAXIMUM     79.4              68.1    11.3     73.2
AVG. MINIMUM     48.1              42.8     5.3     45.0
MEAN             63.7              55.4     8.3     59.1
DAYS MAX >= 90      4               0.0     4.0        0
DAYS MIN <= 32      0               0.5    -0.5        0

PRECIPITATION (INCHES)
RECORD
 MAXIMUM         3.25   1998
TOTALS           0.14              1.63   -1.49     0.47
DAYS >= .01         1                MM      MM        5
DAYS >= .10         1                MM      MM        2
DAYS >= .50         0                MM      MM        0
DAYS >= 1.00        0                MM      MM        0
GREATEST
 24 HR. TOTAL    0.14   03/02 TO 03/02

SNOWFALL (INCHES)
RECORDS
 TOTAL             MM   MM
TOTALS            0.0                MM

DEGREE_DAYS
HEATING TOTAL      90               300    -210      175
 SINCE 7/1       1632              2455    -823     1952
COOLING TOTAL      58                 4      54        0
 SINCE 1/1         58                 4      54        0
.................................................................

WIND (MPH)
AVERAGE WIND SPEED              5.2
HIGHEST WIND SPEED/DIRECTION    28/330    DATE  03/31
HIGHEST GUST SPEED/DIRECTION    35/330    DATE  03/31

AVERAGE RH (PERCENT)     56

WEATHER CONDITIONS. NUMBER OF DAYS WITH
THUNDERSTORM              0     RAIN                       2
HAIL                      0     FOG                       16
FOG W/VIS <= 1/4 MILE     4     HAZE                      21

-  INDICATES NEGATIVE NUMBERS.
R  INDICATES RECORD WAS SET OR TIED.
MM INDICATES DATA IS MISSING.
T  INDICATES TRACE AMOUNT.

$$

SANGER/OCHS

WEATHER.GOV/HANFORD
