000
CXUS54 KMEG 021920
CLMJBR


CLIMATE REPORT
NATIONAL WEATHER SERVICE MEMPHIS TN
216 PM CDT SAT MAY 2 2015

...................................

...THE JONESBORO CLIMATE SUMMARY FOR THE MONTH OF APRIL 2015...

CLIMATE NORMAL PERIOD 1981 TO 2010
CLIMATE RECORD PERIOD 1897 TO 2015

WEATHER         OBSERVED          NORMAL  DEPART  LAST YEAR`S
                 VALUE   DATE(S)  VALUE   FROM    VALUE  DATE(S)
                                          NORMAL
................................................................
TEMPERATURE (F)
RECORD
 HIGH              96   04/30/1901
                        04/29/1901
 LOW               26   04/03/1936
                        04/01/1926
                        04/01/1924
HIGHEST            82   04/09        71      11       81  04/26
                                                          04/03
LOWEST             38   04/05        49    - 11       33  04/16
AVG. MAXIMUM     70.5              70.3     0.2     69.6
AVG. MINIMUM     50.6              49.4     1.2     48.8
MEAN             60.5              59.9     0.6     59.2
DAYS MAX >= 90      0               0.1    -0.1        0
DAYS MAX <= 32      0               0.0     0.0        0
DAYS MIN <= 32      0               0.6    -0.6        0
DAYS MIN <= 0       0               0.0     0.0        0

PRECIPITATION (INCHES)
RECORD
 MAXIMUM        15.08   1927
 MINIMUM         0.54   2001
TOTALS           5.82              5.02    0.80     6.98
DAILY AVG.       0.19              0.17    0.02     0.23
DAYS >= .01        11                MM      MM       14
DAYS >= .10         7                MM      MM        9
DAYS >= .50         3                MM      MM        5
DAYS >= 1.00        3                MM      MM        3
GREATEST
 24 HR. TOTAL    1.86   04/13 TO 04/13
                        04/13 TO 04/14

SNOWFALL (INCHES)
RECORDS
 TOTAL            0.0   2002
                        1993
                        1973
TOTALS            0.0               0.0     0.0      0.0
SINCE 7/1         9.4               4.8     4.6      5.2
SNOWDEPTH AVG.      0                MM      MM        0
DAYS >= 1.0         0                MM      MM        0
GREATEST
 SNOW DEPTH         0   MM                             0  MM
 24 HR TOTAL      0.0   04/30 TO 04/30

DEGREE_DAYS
HEATING TOTAL     152               195     -43      190
 SINCE 7/1       3965              3615     350     4086
COOLING TOTAL      28                41     -13       21
 SINCE 1/1         28                47     -19       21
.................................................................

WIND (MPH)
AVERAGE WIND SPEED              8.7
HIGHEST WIND SPEED/DIRECTION    36/220    DATE  04/09
HIGHEST GUST SPEED/DIRECTION    48/030    DATE  04/13

SKY COVER
POSSIBLE SUNSHINE (PERCENT)   MM
AVERAGE SKY COVER           0.40
NUMBER OF DAYS FAIR           12
NUMBER OF DAYS PC             10
NUMBER OF DAYS CLOUDY          4

AVERAGE RH (PERCENT)     76

WEATHER CONDITIONS. NUMBER OF DAYS WITH
THUNDERSTORM              0     MIXED PRECIP               0
HEAVY RAIN                4     RAIN                       6
LIGHT RAIN               13     FREEZING RAIN              0
LT FREEZING RAIN          0     HAIL                       0
HEAVY SNOW                0     SNOW                       0
LIGHT SNOW                0     SLEET                      0
FOG                      13     FOG W/VIS <= 1/4 MILE      3
HAZE                      2

-  INDICATES NEGATIVE NUMBERS.
R  INDICATES RECORD WAS SET OR TIED.
MM INDICATES DATA IS MISSING.
T  INDICATES TRACE AMOUNT.

$$
