000
CXUS53 KGRR 020356 CCA
CLMMKG

CLIMATE REPORT...CORRECTED
NATIONAL WEATHER SERVICE GRAND RAPIDS, MI
758 AM EDT WED APR 1 2015

...................................

...THE MUSKEGON MI CLIMATE SUMMARY FOR THE MONTH OF MARCH 2015...

CLIMATE NORMAL PERIOD 1981 TO 2010
CLIMATE RECORD PERIOD 1896 TO 2015

WEATHER         OBSERVED          NORMAL  DEPART  LAST YEAR`S
                 VALUE   DATE(S)  VALUE   FROM    VALUE  DATE(S)
                                          NORMAL
................................................................
TEMPERATURE (F)
RECORD
 HIGH              82   03/21/2012
                        03/20/2012
                        08/06/1918
 LOW              -11   03/16/1897
HIGHEST            59   03/16        65      -6       64  03/31
LOWEST              4   03/05         7      -3       -5  03/03
AVG. MAXIMUM     40.4              43.0    -2.6     35.3
AVG. MINIMUM     24.0              27.0    -3.0     17.6
MEAN             32.2              35.0    -2.8     26.5
DAYS MAX >= 90      0               0.0     0.0        0
DAYS MAX <= 32      7               4.6     2.4       12
DAYS MIN <= 32     27              21.7     5.3       27
DAYS MIN <= 0       0               0.0     0.0        2

PRECIPITATION (INCHES)
RECORD
 MAXIMUM         6.59   1976
 MINIMUM         0.00   1936
                        1910
TOTALS           1.13              2.25   -1.12     1.67
DAILY AVG.       0.04              0.07   -0.03     0.05
DAYS >= .01         6              11.2    -5.2       10
DAYS >= .10         2               5.8    -3.8        5
DAYS >= .50         0               1.0    -1.0        1
DAYS >= 1.00        0               0.2    -0.2        0
GREATEST
 24 HR. TOTAL    0.45   03/25 TO 03/25           03/27 TO 03/27
                                                          03/04 TO 03/04
                                                          03/04 TO 03/04

SNOWFALL (INCHES)
RECORDS
 TOTAL           35.7   1965
 24 HR TOTAL     10.5   03/02/2002 TO 03/02/2002
 SNOW DEPTH        24   03/05/2014
TOTALS            4.0               9.0    -5.0      7.5
SINCE 7/1        92.1              91.4     0.7    131.1
SNOWDEPTH AVG.      6                 4       2       12
DAYS >= TRACE       8               6.3     1.7       15
DAYS >= 1.0         2               2.8    -0.8        2
GREATEST
 SNOW DEPTH        17   03/04                         24  03/05
                        03/02
                        03/01
 24 HR TOTAL      2.2   MM                       03/04 TO 03/04
                                                          03/04 TO 03/04
                                                          03/04 TO 03/04

DEGREE_DAYS
HEATING TOTAL    1007               930      77     1188
 SINCE 7/1       6132              5662     470     6328
COOLING TOTAL       0                 0       0        0
 SINCE 1/1          0                 0       0        0

FREEZE DATES
RECORD
 EARLIEST     09/22/1976
 LATEST       06/22/1992
EARLIEST                        10/14
LATEST                          05/04
.....................................................

WIND (MPH)
AVERAGE WIND SPEED              10.0
RESULTANT WIND SPEED/DIRECTION   3/242
HIGHEST WIND SPEED/DIRECTION    38/190    DATE  03/29
HIGHEST GUST SPEED/DIRECTION    52/180    DATE  03/29

SKY COVER
POSSIBLE SUNSHINE (PERCENT)   MM
AVERAGE SKY COVER           0.60
NUMBER OF DAYS FAIR            6
NUMBER OF DAYS PC             18
NUMBER OF DAYS CLOUDY          7

AVERAGE RH (PERCENT)     63

WEATHER CONDITIONS. NUMBER OF DAYS WITH
THUNDERSTORM              0     MIXED PRECIP               0
HEAVY RAIN                0     RAIN                       2
LIGHT RAIN                4     FREEZING RAIN              2
LT FREEZING RAIN          2     HAIL                       0
HEAVY SNOW                1     SNOW                       1
LIGHT SNOW                7     SLEET                      1
FOG                      14     FOG W/VIS <= 1/4 MILE      5
HAZE                     11

-  INDICATES NEGATIVE NUMBERS.
R  INDICATES RECORD WAS SET OR TIED.
MM INDICATES DATA IS MISSING.
T  INDICATES TRACE AMOUNT.

&&

MARCH 2015 WAS COOLER THAN NORMAL... WITH PRECIPITATION AND SNOWFALL
VALUES BELOW NORMAL.

THE FIRST WEEK OF MARCH 2015 SAW TEMPERATURES BELOW NORMAL WITH
FREEZING RAIN... SLEET... SNOW AND RAIN. AFTER A LITTLE LAKE EFFECT
SNOW... TEMPERATURES ROSE TO ABOVE NORMAL LEVELS FOR THE NEXT WEEK
AND A HALF WITH THE WEATHER MAKERS PASSING BY THE AREA. AS THE DRY
WEATHER CONTINUED FOR MOST OF THE NEXT WEEK... TEMPERATURES AGAIN
FELL BELOW NORMAL AS ARCTIC AIR AGAIN PUSHED IN. THIS ARCTIC
INTRUSION BROUGHT BACK FREEZING RAIN... SLEET... SNOW AND RAIN TO
END THE MONTH.

THE AVERAGE TEMPERATURES FOR MARCH WERE AROUND TO A LITTLE BELOW
FREEZING. AT THE MAJOR CLIMATE SITES OF GRAND RAPIDS... LANSING AND
MUSKEGON... THE VALUES WERE ALL BETWEEN 32 AND 33 DEGREES. THESE
TEMPERATURES ARE 2 TO 3 DEGREES COOLER THAN NORMAL. THERE WERE FEW
DAILY RECORD TEMPERATURES IN MARCH 2015.

PRECIPITATION TOTALS VARIED FROM HALF AN INCH UP TO AN INCH AND A
HALF ACROSS SOUTHWEST LOWER MICHIGAN FOR MARCH 2015. THIS WAS 1 TO 2
INCHES BELOW NORMAL... WITH THE GREATEST SHORTFALLS ACROSS THE
SOUTH. THE 1.05 INCHES OF PRECIPITATION RECORDED IN GRAND RAPIDS FOR
MARCH 2015 WAS THE 9TH DRIEST MARCH ON RECORD... WHILE THE 0.74
INCHES IN LANSING WAS THE 7TH DRIEST ON RECORD. MUSKEGON WAS NOT A
TOP TEN FINISHER.

SNOWFALL IN MARCH 2015 RANGED FROM 2 TO 5 INCHES ACROSS MUCH OF
LOWER MICHIGAN. THIS WAS ABOUT HALF OF NORMAL SNOW TOTALS WITH
NORTHERN AREAS SEEING THE GREATEST DEFICIT.

THE MAIN WEATHER DURING MARCH 2015 WAS NON THUNDERSTORM WINDS OF
OVER 40 MPH A COUPLE TIMES DURING THE MONTH... AND SOME MINOR ICE
ACCUMULATIONS NEAR THE BEGINNING AND AGAIN NEAR THE END OF THE
MONTH.

$$

63 JAM
