000
CXZS50 NSTU 062048
CLMPPG

CLIMATE REPORT
NATIONAL WEATHER SERVICE PAGO PAGO AS
950 AM SST FRI MAR 6 2015

.....................................

...THE PAGO PAGO AIRPORT CLIMATE SUMMARY FOR THE MONTH OF FEBRUARY 2015...

CLIMATE NORMAL PERIOD 1981 TO 2010
CLIMATE RECORD PERIOD 1956 TO 2015

WEATHER ITEM      OBSERVED    DATES       NORMAL      DEPARTURE   LAST YEAR
                  VALUE                   VALUE       FROM        VALUE DATE(S)
                                                      NORMAL
.............................................................................
TEMPERATURE (F)
RECORD
 HIGH             99          02/22/1958
 LOW              65          02/17/1965

HIGHEST           91          02/19        88         3           91 2/18
                                                                     2/16
                                                                     2/08
LOWEST            76          02/22        78        -2           75 2/05
                              02/09
                              02/03

AVG. MAXIMUM      88.3                    88.0        0.3         88.3
AVG. MINIMUM      78.4                    77.5        0.9         78.2
MEAN              83.4                    82.7        0.7         83.3
DAYS MAX >= 90    14                       4.8        9.2          4
DAYS MAX <= 32     0                       0.0        0.0          0
DAYS MIN <= 32     0                       0.0        0.0          0
DAYS MIN <= 0      0                       0.0        0.0          0

PRECIPITATION (INCHES)
RECORD
 MAXIMUM          32.62      1968
 MINIMUM           2.02      1977
TOTALS            12.22                  12.26       -0.44        11.65
DAILY AVG.         0.44                   0.45       -0.02         0.42
DAYS >= .01       23                     21.4         1.6         22
DAYS >= .10       16                     14.6         1.4         15
DAYS >= .50        8                      6.8         1.2          8
DAYS >= 1.00       3                      3.9        -0.9          5
GREATEST
 24 HR. TOTAL      3.05      2/7 TO 8                    3.35   2/8 TO 9

DEGREE DAYS
HEATING TOTAL     000                     00          00          00
SINCE 1/1         000                     00          00          00
COOLING TOTAL     520                    497          23         517
SINCE 1/1        1045                   1038          07        1042

WIND (MPH)
AVERAGE WIND SPEED 6.6
HIGHEST WIND SPEED/DIRECTION   25/360     DATE 02/01
HIGHEST GUST SPEED/DIRECTION   MM         DATE MM

SKY COVER
POSSIBLE SUNSHINE (PERCENT)    MM
AVERAGE SKY COVER               5.8
NUMBER OF DAYS FAIR            00
NUMBER OF DAYS PC              19
NUMBER OF DAYS CLOUDY          09

AVERAGE RH (PERCENT)           86

WEATHER CONDITIONS NUMBER OF DAYS WITH
THUNDERSTORM            04    MIXED PRECIP            00
HEAVY RAIN              09    RAIN                    03
LIGHT RAIN              23    FREEZING RAIN           00
LT FREEZING RAIN        00    HAIL                    00
HEAVY SNOW              00    SNOW                    00
LIGHT SNOW              00    SLEET                   00
FOG                     00    FOG W/VIS <= 1/4 MILE   00
HAZE                    00

- INDICATES NEGATIVE NUMBERS
R INDICATES RECORD WAS SET OR TIED
MM INDICATES DATA IS MISSING
T INDICATES TRACE AMOUNT
