000
CDUS41 KCLE 150526
CLICAK


CLIMATE REPORT
NATIONAL WEATHER SERVICE CLEVELAND OH
126 AM EDT WED APR 15 2015


...................................

...THE AKRON CANTON OH CLIMATE SUMMARY FOR APRIL 14 2015...

CLIMATE NORMAL PERIOD 1981 TO 2010
CLIMATE RECORD PERIOD 1887 TO 2015


WEATHER ITEM   OBSERVED TIME   RECORD YEAR NORMAL DEPARTURE LAST
                VALUE   (LST)  VALUE       VALUE  FROM      YEAR
                                                  NORMAL
..................................................................
TEMPERATURE (F)
 YESTERDAY
  MAXIMUM         62    140 PM  82    1941  59      3       72
                                      1887
  MINIMUM         46   1056 PM  13    1950  38      8       49
  AVERAGE         54                        49      5       61

PRECIPITATION (IN)
  YESTERDAY        0.00                      0.12  -0.12     0.32
  MONTH TO DATE    2.91                      1.68   1.23     2.99
  SINCE MAR 1      5.67                      4.66   1.01     5.57
  SINCE JAN 1     11.15                      9.58   1.57     9.08

SNOWFALL (IN)
  YESTERDAY        0.0                       0.1   -0.1      0.0
  MONTH TO DATE    T                         2.0   -2.0      0.0
  SINCE MAR 1      6.9                      10.2   -3.3      9.7
  SINCE JUL 1     59.8                      46.7   13.1     69.0
  SNOW DEPTH       0

DEGREE DAYS
 HEATING
  YESTERDAY       11                        16     -5        4
  MONTH TO DATE  169                       263    -94      180
  SINCE MAR 1   1097                      1114    -17     1196
  SINCE JUL 1   5940                      5658    282     6019

 COOLING
  YESTERDAY        0                         0      0        0
  MONTH TO DATE    2                         0      2        3
  SINCE MAR 1      2                         0      2        3
  SINCE JAN 1      2                         0      2        3
..................................................................


WIND (MPH)
  HIGHEST WIND SPEED    14   HIGHEST WIND DIRECTION    NE (50)
  HIGHEST GUST SPEED    19   HIGHEST GUST DIRECTION     E (70)
  AVERAGE WIND SPEED     7.0


SKY COVER
  POSSIBLE SUNSHINE  MM
  AVERAGE SKY COVER 0.9


WEATHER CONDITIONS
 THE FOLLOWING WEATHER WAS RECORDED YESTERDAY.
  NO SIGNIFICANT WEATHER WAS OBSERVED.


RELATIVE HUMIDITY (PERCENT)
 HIGHEST    80           400 AM
 LOWEST     33           100 PM
 AVERAGE    57

..........................................................


THE AKRON CANTON OH CLIMATE NORMALS FOR TODAY
                         NORMAL    RECORD    YEAR
 MAXIMUM TEMPERATURE (F)   60        82      2010
 MINIMUM TEMPERATURE (F)   39        18      1943


SUNRISE AND SUNSET
APRIL 15 2015.........SUNRISE   647 AM EDT   SUNSET   805 PM EDT
APRIL 16 2015.........SUNRISE   646 AM EDT   SUNSET   806 PM EDT


-  INDICATES NEGATIVE NUMBERS.
R  INDICATES RECORD WAS SET OR TIED.
MM INDICATES DATA IS MISSING.
T  INDICATES TRACE AMOUNT.




$$
