000
CDUS41 KCLE 300545
CLICAK


CLIMATE REPORT
NATIONAL WEATHER SERVICE CLEVELAND OH
145 AM EDT THU APR 30 2015


...................................

...THE AKRON CANTON OH CLIMATE SUMMARY FOR APRIL 29 2015...

CLIMATE NORMAL PERIOD 1981 TO 2010
CLIMATE RECORD PERIOD 1887 TO 2015


WEATHER ITEM   OBSERVED TIME   RECORD YEAR NORMAL DEPARTURE LAST
                VALUE   (LST)  VALUE       VALUE  FROM      YEAR
                                                  NORMAL
..................................................................
TEMPERATURE (F)
 YESTERDAY
  MAXIMUM         67    440 PM  84    1888  65      2       72
  MINIMUM         36    611 AM  29    2012  43     -7       51
                                      1944
  AVERAGE         52                        54     -2       62

PRECIPITATION (IN)
  YESTERDAY        0.00                      0.12  -0.12     1.17
  MONTH TO DATE    3.82                      3.44   0.38     5.23
  SINCE MAR 1      6.58                      6.42   0.16     7.81
  SINCE JAN 1     12.06                     11.34   0.72    11.32

SNOWFALL (IN)
  YESTERDAY        0.0                       0.0    0.0      0.0
  MONTH TO DATE    T                         2.7   -2.7      0.9
  SINCE MAR 1      6.9                      10.9   -4.0     10.6
  SINCE JUL 1     59.8                      47.4   12.4     69.9
  SNOW DEPTH       0

DEGREE DAYS
 HEATING
  YESTERDAY       13                        11      2        3
  MONTH TO DATE  387                       468    -81      400
  SINCE MAR 1   1315                      1319     -4     1416
  SINCE JUL 1   6158                      5863    295     6239

 COOLING
  YESTERDAY        0                         0      0        0
  MONTH TO DATE    2                         0      2        3
  SINCE MAR 1      2                         0      2        3
  SINCE JAN 1      2                         0      2        3
..................................................................


WIND (MPH)
  HIGHEST WIND SPEED    15   HIGHEST WIND DIRECTION     N (340)
  HIGHEST GUST SPEED    26   HIGHEST GUST DIRECTION     E (70)
  AVERAGE WIND SPEED     5.4


SKY COVER
  POSSIBLE SUNSHINE  MM
  AVERAGE SKY COVER 0.2


WEATHER CONDITIONS
 THE FOLLOWING WEATHER WAS RECORDED YESTERDAY.
  FOG
  HAZE


RELATIVE HUMIDITY (PERCENT)
 HIGHEST    85           600 AM
 LOWEST     32           400 PM
 AVERAGE    59

..........................................................


THE AKRON CANTON OH CLIMATE NORMALS FOR TODAY
                         NORMAL    RECORD    YEAR
 MAXIMUM TEMPERATURE (F)   65        87      1942
                                             1899
 MINIMUM TEMPERATURE (F)   44        29      1958


SUNRISE AND SUNSET
APRIL 30 2015.........SUNRISE   626 AM EDT   SUNSET   821 PM EDT
MAY  1 2015...........SUNRISE   624 AM EDT   SUNSET   822 PM EDT


-  INDICATES NEGATIVE NUMBERS.
R  INDICATES RECORD WAS SET OR TIED.
MM INDICATES DATA IS MISSING.
T  INDICATES TRACE AMOUNT.




$$
