000
CDUS41 KCLE 020528
CLICAK


CLIMATE REPORT
NATIONAL WEATHER SERVICE CLEVELAND OH
127 AM EDT SAT MAY 2 2015


...................................

...THE AKRON CANTON OH CLIMATE SUMMARY FOR MAY 1 2015...

CLIMATE NORMAL PERIOD 1981 TO 2010
CLIMATE RECORD PERIOD 1887 TO 2015


WEATHER ITEM   OBSERVED TIME   RECORD YEAR NORMAL DEPARTURE LAST
                VALUE   (LST)  VALUE       VALUE  FROM      YEAR
                                                  NORMAL
..................................................................
TEMPERATURE (F)
 YESTERDAY
  MAXIMUM         70    331 PM  87    1942  65      5       57
  MINIMUM         42    550 AM  28    1978  44     -2       49
  AVERAGE         56                        54      2       53

PRECIPITATION (IN)
  YESTERDAY        T                         0.12  -0.12     0.10
  MONTH TO DATE    T                         0.12  -0.12     0.10
  SINCE MAR 1      6.60                      6.65  -0.05     8.92
  SINCE JAN 1     12.08                     11.57   0.51    12.43

SNOWFALL (IN)
  YESTERDAY        0.0                       0.0    0.0      0.0
  MONTH TO DATE    0.0                       0.0    0.0      0.0
  SINCE MAR 1      6.9                      10.9   -4.0     10.6
  SINCE JUL 1     59.8                      47.4   12.4     69.9
  SNOW DEPTH       0

DEGREE DAYS
 HEATING
  YESTERDAY        9                        11     -2       12
  MONTH TO DATE    9                        11     -2       12
  SINCE MAR 1   1339                      1343     -4     1440
  SINCE JUL 1   6182                      5887    295     6263

 COOLING
  YESTERDAY        0                         0      0        0
  MONTH TO DATE    0                         0      0        0
  SINCE MAR 1      2                         6     -4        3
  SINCE JAN 1      2                         6     -4        3
..................................................................


WIND (MPH)
  HIGHEST WIND SPEED    18   HIGHEST WIND DIRECTION     N (350)
  HIGHEST GUST SPEED    33   HIGHEST GUST DIRECTION    NW (330)
  AVERAGE WIND SPEED     8.4


SKY COVER
  POSSIBLE SUNSHINE  MM
  AVERAGE SKY COVER 0.4


WEATHER CONDITIONS
 THE FOLLOWING WEATHER WAS RECORDED YESTERDAY.
  FOG
  HAZE


RELATIVE HUMIDITY (PERCENT)
 HIGHEST    93          1200 AM
 LOWEST     31           400 PM
 AVERAGE    62

..........................................................


THE AKRON CANTON OH CLIMATE NORMALS FOR TODAY
                         NORMAL    RECORD    YEAR
 MAXIMUM TEMPERATURE (F)   66        85      1899
 MINIMUM TEMPERATURE (F)   44        29      1909


SUNRISE AND SUNSET
MAY  2 2015...........SUNRISE   623 AM EDT   SUNSET   823 PM EDT
MAY  3 2015...........SUNRISE   622 AM EDT   SUNSET   824 PM EDT


-  INDICATES NEGATIVE NUMBERS.
R  INDICATES RECORD WAS SET OR TIED.
MM INDICATES DATA IS MISSING.
T  INDICATES TRACE AMOUNT.




$$
