000
CDUS41 KCLE 200536
CLICAK


CLIMATE REPORT
NATIONAL WEATHER SERVICE CLEVELAND OH
135 AM EDT MON APR 20 2015


...................................

...THE AKRON CANTON OH CLIMATE SUMMARY FOR APRIL 19 2015...

CLIMATE NORMAL PERIOD 1981 TO 2010
CLIMATE RECORD PERIOD 1887 TO 2015


WEATHER ITEM   OBSERVED TIME   RECORD YEAR NORMAL DEPARTURE LAST
                VALUE   (LST)  VALUE       VALUE  FROM      YEAR
                                                  NORMAL
..................................................................
TEMPERATURE (F)
 YESTERDAY
  MAXIMUM         73    151 PM  85    1941  61     12       57
  MINIMUM         49    747 AM  22    1983  40      9       39
  AVERAGE         61                        51     10       48

PRECIPITATION (IN)
  YESTERDAY        0.12                      0.12   0.00     0.00
  MONTH TO DATE    3.31                      2.28   1.03     3.19
  SINCE MAR 1      6.07                      5.26   0.81     5.77
  SINCE JAN 1     11.55                     10.18   1.37     9.28

SNOWFALL (IN)
  YESTERDAY        0.0                       0.0    0.0      0.0
  MONTH TO DATE    T                         2.4   -2.4      0.9
  SINCE MAR 1      6.9                      10.6   -3.7     10.6
  SINCE JUL 1     59.8                      47.1   12.7     69.9
  SNOW DEPTH       0

DEGREE DAYS
 HEATING
  YESTERDAY        4                        15    -11       17
  MONTH TO DATE  199                       340   -141      280
  SINCE MAR 1   1127                      1191    -64     1296
  SINCE JUL 1   5970                      5735    235     6119

 COOLING
  YESTERDAY        0                         0      0        0
  MONTH TO DATE    2                         0      2        3
  SINCE MAR 1      2                         0      2        3
  SINCE JAN 1      2                         0      2        3
..................................................................


WIND (MPH)
  HIGHEST WIND SPEED    33   HIGHEST WIND DIRECTION    SE (140)
  HIGHEST GUST SPEED    42   HIGHEST GUST DIRECTION    SE (150)
  AVERAGE WIND SPEED    16.6


SKY COVER
  POSSIBLE SUNSHINE  MM
  AVERAGE SKY COVER 0.9


WEATHER CONDITIONS
 THE FOLLOWING WEATHER WAS RECORDED YESTERDAY.
  THUNDERSTORM
  RAIN
  LIGHT RAIN
  FOG


RELATIVE HUMIDITY (PERCENT)
 HIGHEST    77           600 PM
 LOWEST     29           200 PM
 AVERAGE    53

..........................................................


THE AKRON CANTON OH CLIMATE NORMALS FOR TODAY
                         NORMAL    RECORD    YEAR
 MAXIMUM TEMPERATURE (F)   62        82      1985
                                             1915
 MINIMUM TEMPERATURE (F)   40        22      1904


SUNRISE AND SUNSET
APRIL 20 2015.........SUNRISE   640 AM EDT   SUNSET   810 PM EDT
APRIL 21 2015.........SUNRISE   638 AM EDT   SUNSET   811 PM EDT


-  INDICATES NEGATIVE NUMBERS.
R  INDICATES RECORD WAS SET OR TIED.
MM INDICATES DATA IS MISSING.
T  INDICATES TRACE AMOUNT.




$$
