000
CDUS41 KCLE 060633
CLICAK


CLIMATE REPORT
NATIONAL WEATHER SERVICE CLEVELAND OH
137 AM EDT WED MAY 6 2015


...................................

...THE AKRON CANTON OH CLIMATE SUMMARY FOR MAY 5 2015...

CLIMATE NORMAL PERIOD 1981 TO 2010
CLIMATE RECORD PERIOD 1887 TO 2015


WEATHER ITEM   OBSERVED TIME   RECORD YEAR NORMAL DEPARTURE LAST
                VALUE   (LST)  VALUE       VALUE  FROM      YEAR
                                                  NORMAL
..................................................................
TEMPERATURE (F)
 YESTERDAY
  MAXIMUM         76    411 PM  91    1895  66     10       58
  MINIMUM         56    258 AM  30    1900  45     11       38
                                      1891
  AVERAGE         66                        56     10       48

PRECIPITATION (IN)
  YESTERDAY        0.01                      0.12  -0.11     0.00
  MONTH TO DATE    0.10                      0.63  -0.53     0.18
  SINCE MAR 1      6.70                      7.16  -0.46     9.00
  SINCE JAN 1     12.18                     12.08   0.10    12.51

SNOWFALL (IN)
  YESTERDAY        0.0                       0.0    0.0      0.0
  MONTH TO DATE    0.0                       0.0    0.0      0.0
  SINCE MAR 1      6.9                      10.9   -4.0     10.6
  SINCE JUL 1     59.8                      47.4   12.4     69.9
  SNOW DEPTH       0

DEGREE DAYS
 HEATING
  YESTERDAY        0                        10    -10       17
  MONTH TO DATE   16                        52    -36       63
  SINCE MAR 1   1346                      1384    -38     1491
  SINCE JUL 1   6189                      5928    261     6314

 COOLING
  YESTERDAY        1                         0      1        0
  MONTH TO DATE    4                         0      4        0
  SINCE MAR 1      6                         6      0        3
  SINCE JAN 1      6                         6      0        3
..................................................................


WIND (MPH)
  HIGHEST WIND SPEED    12   HIGHEST WIND DIRECTION    NE (40)
  HIGHEST GUST SPEED    24   HIGHEST GUST DIRECTION     N (360)
  AVERAGE WIND SPEED     4.4


SKY COVER
  POSSIBLE SUNSHINE  MM
  AVERAGE SKY COVER 0.8


WEATHER CONDITIONS
 THE FOLLOWING WEATHER WAS RECORDED YESTERDAY.
  LIGHT RAIN
  FOG
  HAZE


RELATIVE HUMIDITY (PERCENT)
 HIGHEST    97           700 AM
 LOWEST     54           400 PM
 AVERAGE    76

..........................................................


THE AKRON CANTON OH CLIMATE NORMALS FOR TODAY
                         NORMAL    RECORD    YEAR
 MAXIMUM TEMPERATURE (F)   67        87      1949
 MINIMUM TEMPERATURE (F)   45        29      1910


SUNRISE AND SUNSET
MAY  6 2015...........SUNRISE   618 AM EDT   SUNSET   827 PM EDT
MAY  7 2015...........SUNRISE   617 AM EDT   SUNSET   828 PM EDT


-  INDICATES NEGATIVE NUMBERS.
R  INDICATES RECORD WAS SET OR TIED.
MM INDICATES DATA IS MISSING.
T  INDICATES TRACE AMOUNT.




$$
