000
CDUS41 KCLE 042111
CLICAK


CLIMATE REPORT
NATIONAL WEATHER SERVICE CLEVELAND OH
510 PM EDT MON MAY 4 2015


...................................

...THE AKRON CANTON OH CLIMATE SUMMARY FOR MAY 4 2015...
VALID TODAY AS OF 0500 PM LOCAL TIME.

CLIMATE NORMAL PERIOD 1981 TO 2010
CLIMATE RECORD PERIOD 1887 TO 2015


WEATHER ITEM   OBSERVED TIME   RECORD YEAR NORMAL DEPARTURE LAST
                VALUE   (LST)  VALUE       VALUE  FROM      YEAR
                                                  NORMAL
..................................................................
TEMPERATURE (F)
 TODAY
  MAXIMUM         81    319 PM  88    1895  66     15       64
  MINIMUM         54    541 AM  29    1971  45      9       41
  AVERAGE         68                        55     13       53

PRECIPITATION (IN)
  TODAY            0.00                      0.14  -0.14     0.01
  MONTH TO DATE    T                         0.51  -0.51     0.18
  SINCE MAR 1      6.60                      7.04  -0.44     9.00
  SINCE JAN 1     12.08                     11.96   0.12    12.51

SNOWFALL (IN)
  TODAY            0.0                       0.0    0.0      0.0
  MONTH TO DATE    0.0                       0.0    0.0      0.0
  SINCE MAR 1      6.9                      10.9   -4.0     10.6
  SINCE JUL 1     59.8                      47.4   12.4     69.9
  SNOW DEPTH       0

DEGREE DAYS
 HEATING
  TODAY            0                        10    -10       12
  MONTH TO DATE   16                        42    -26       46
  SINCE MAR 1   1346                      1374    -28     1474
  SINCE JUL 1   6189                      5918    271     6297

 COOLING
  TODAY            3                         0      3        0
  MONTH TO DATE    3                         0      3        0
  SINCE MAR 1      5                         6     -1        3
  SINCE JAN 1      5                         6     -1        3
..................................................................


WIND (MPH)
  HIGHEST WIND SPEED    25   HIGHEST WIND DIRECTION    SW (210)
  HIGHEST GUST SPEED    34   HIGHEST GUST DIRECTION    SW (240)


SKY COVER
  POSSIBLE SUNSHINE  MM
  AVERAGE SKY COVER 0.6


WEATHER CONDITIONS
 THE FOLLOWING WEATHER WAS RECORDED TODAY.
  NO SIGNIFICANT WEATHER WAS OBSERVED.


RELATIVE HUMIDITY (PERCENT)
 HIGHEST    66           600 AM
 LOWEST     30           100 PM
 AVERAGE    48

..........................................................


THE AKRON CANTON OH CLIMATE NORMALS FOR TOMORROW
                         NORMAL    RECORD    YEAR
 MAXIMUM TEMPERATURE (F)   66        91      1895
 MINIMUM TEMPERATURE (F)   45        30      1900
                                             1891


SUNRISE AND SUNSET
MAY  4 2015...........SUNRISE   621 AM EDT   SUNSET   825 PM EDT
MAY  5 2015...........SUNRISE   619 AM EDT   SUNSET   826 PM EDT


-  INDICATES NEGATIVE NUMBERS.
R  INDICATES RECORD WAS SET OR TIED.
MM INDICATES DATA IS MISSING.
T  INDICATES TRACE AMOUNT.




$$
