000
CDUS41 KCLE 030527
CLICAK


CLIMATE REPORT
NATIONAL WEATHER SERVICE CLEVELAND OH
127 AM EDT SUN MAY 3 2015


...................................

...THE AKRON CANTON OH CLIMATE SUMMARY FOR MAY 2 2015...

CLIMATE NORMAL PERIOD 1981 TO 2010
CLIMATE RECORD PERIOD 1887 TO 2015


WEATHER ITEM   OBSERVED TIME   RECORD YEAR NORMAL DEPARTURE LAST
                VALUE   (LST)  VALUE       VALUE  FROM      YEAR
                                                  NORMAL
..................................................................
TEMPERATURE (F)
 YESTERDAY
  MAXIMUM         76    301 PM  85    1899  66     10       56
  MINIMUM         42    516 AM  29    1909  44     -2       47
  AVERAGE         59                        55      4       52

PRECIPITATION (IN)
  YESTERDAY        0.00                      0.13  -0.13     0.02
  MONTH TO DATE    T                         0.25  -0.25     0.12
  SINCE MAR 1      6.60                      6.78  -0.18     8.94
  SINCE JAN 1     12.08                     11.70   0.38    12.45

SNOWFALL (IN)
  YESTERDAY        0.0                       0.0    0.0      0.0
  MONTH TO DATE    0.0                       0.0    0.0      0.0
  SINCE MAR 1      6.9                      10.9   -4.0     10.6
  SINCE JUL 1     59.8                      47.4   12.4     69.9
  SNOW DEPTH       0

DEGREE DAYS
 HEATING
  YESTERDAY        6                        11     -5       13
  MONTH TO DATE   15                        22     -7       25
  SINCE MAR 1   1345                      1354     -9     1453
  SINCE JUL 1   6188                      5898    290     6276

 COOLING
  YESTERDAY        0                         0      0        0
  MONTH TO DATE    0                         0      0        0
  SINCE MAR 1      2                         6     -4        3
  SINCE JAN 1      2                         6     -4        3
..................................................................


WIND (MPH)
  HIGHEST WIND SPEED    14   HIGHEST WIND DIRECTION    NW (310)
  HIGHEST GUST SPEED    19   HIGHEST GUST DIRECTION     W (290)
  AVERAGE WIND SPEED     3.9


SKY COVER
  POSSIBLE SUNSHINE  MM
  AVERAGE SKY COVER 0.4


WEATHER CONDITIONS
 THE FOLLOWING WEATHER WAS RECORDED YESTERDAY.
  NO SIGNIFICANT WEATHER WAS OBSERVED.


RELATIVE HUMIDITY (PERCENT)
 HIGHEST    76           600 AM
 LOWEST     27           300 PM
 AVERAGE    52

..........................................................


THE AKRON CANTON OH CLIMATE NORMALS FOR TODAY
                         NORMAL    RECORD    YEAR
 MAXIMUM TEMPERATURE (F)   66        88      2012
 MINIMUM TEMPERATURE (F)   45        30      1986


SUNRISE AND SUNSET
MAY  3 2015...........SUNRISE   622 AM EDT   SUNSET   824 PM EDT
MAY  4 2015...........SUNRISE   621 AM EDT   SUNSET   825 PM EDT


-  INDICATES NEGATIVE NUMBERS.
R  INDICATES RECORD WAS SET OR TIED.
MM INDICATES DATA IS MISSING.
T  INDICATES TRACE AMOUNT.




$$
