000
CDUS41 KCLE 280530
CLICAK


CLIMATE REPORT
NATIONAL WEATHER SERVICE CLEVELAND OH
129 AM EDT SAT MAR 28 2015


...................................

...THE AKRON CANTON OH CLIMATE SUMMARY FOR MARCH 27 2015...

CLIMATE NORMAL PERIOD 1981 TO 2010
CLIMATE RECORD PERIOD 1887 TO 2015


WEATHER ITEM   OBSERVED TIME   RECORD YEAR NORMAL DEPARTURE LAST
                VALUE   (LST)  VALUE       VALUE  FROM      YEAR
                                                  NORMAL
..................................................................
TEMPERATURE (F)
 YESTERDAY
  MAXIMUM         37   1212 AM  79    1950  51    -14       50
  MINIMUM         17   1159 PM  12    1982  32    -15       21
  AVERAGE         27                        42    -15       36

PRECIPITATION (IN)
  YESTERDAY        0.02                      0.11  -0.09     0.08
  MONTH TO DATE    2.73                      2.54   0.19     1.46
  SINCE MAR 1      2.73                      2.54   0.19     1.46
  SINCE JAN 1      8.21                      7.46   0.75     4.97

SNOWFALL (IN)
  YESTERDAY        0.2                       0.2    0.0      0.0
  MONTH TO DATE    6.9                       7.5   -0.6      8.4
  SINCE MAR 1      6.9                       7.5   -0.6      8.4
  SINCE JUL 1     59.8                      44.0   15.8     67.7
  SNOW DEPTH       T

DEGREE DAYS
 HEATING
  YESTERDAY       38                        23     15       29
  MONTH TO DATE  809                       761     48      922
  SINCE MAR 1    809                       761     48      922
  SINCE JUL 1   5652                      5305    347     5745

 COOLING
  YESTERDAY        0                         0      0        0
  MONTH TO DATE    0                         0      0        0
  SINCE MAR 1      0                         0      0        0
  SINCE JAN 1      0                         0      0        0
..................................................................


WIND (MPH)
  HIGHEST WIND SPEED    20   HIGHEST WIND DIRECTION     N (10)
  HIGHEST GUST SPEED    23   HIGHEST GUST DIRECTION     N (10)
  AVERAGE WIND SPEED    11.3


SKY COVER
  POSSIBLE SUNSHINE  MM
  AVERAGE SKY COVER 1.0


WEATHER CONDITIONS
 THE FOLLOWING WEATHER WAS RECORDED YESTERDAY.
  LIGHT SNOW
  FOG
  HAZE


RELATIVE HUMIDITY (PERCENT)
 HIGHEST    85          1200 AM
 LOWEST     67          1100 PM
 AVERAGE    76

..........................................................


THE AKRON CANTON OH CLIMATE NORMALS FOR TODAY
                         NORMAL    RECORD    YEAR
 MAXIMUM TEMPERATURE (F)   52        80      1910
 MINIMUM TEMPERATURE (F)   32        12      1982


SUNRISE AND SUNSET
MARCH 28 2015.........SUNRISE   716 AM EDT   SUNSET   746 PM EDT
MARCH 29 2015.........SUNRISE   715 AM EDT   SUNSET   747 PM EDT


-  INDICATES NEGATIVE NUMBERS.
R  INDICATES RECORD WAS SET OR TIED.
MM INDICATES DATA IS MISSING.
T  INDICATES TRACE AMOUNT.




$$
