000
CDUS41 KCLE 190527
CLICAK


CLIMATE REPORT
NATIONAL WEATHER SERVICE CLEVELAND OH
126 AM EDT SUN APR 19 2015


...................................

...THE AKRON CANTON OH CLIMATE SUMMARY FOR APRIL 18 2015...

CLIMATE NORMAL PERIOD 1981 TO 2010
CLIMATE RECORD PERIOD 1887 TO 2015


WEATHER ITEM   OBSERVED TIME   RECORD YEAR NORMAL DEPARTURE LAST
                VALUE   (LST)  VALUE       VALUE  FROM      YEAR
                                                  NORMAL
..................................................................
TEMPERATURE (F)
 YESTERDAY
  MAXIMUM         77    145 PM  86    1896  61     16       70
  MINIMUM         50    636 AM  24    1983  40     10       46
                                      1953
  AVERAGE         64                        50     14       58

PRECIPITATION (IN)
  YESTERDAY        0.00                      0.12  -0.12     0.00
  MONTH TO DATE    3.19                      2.16   1.03     3.19
  SINCE MAR 1      5.95                      5.14   0.81     5.77
  SINCE JAN 1     11.43                     10.06   1.37     9.28

SNOWFALL (IN)
  YESTERDAY        0.0                       0.1   -0.1      0.0
  MONTH TO DATE    T                         2.4   -2.4      0.9
  SINCE MAR 1      6.9                      10.6   -3.7     10.6
  SINCE JUL 1     59.8                      47.1   12.7     69.9
  SNOW DEPTH       0

DEGREE DAYS
 HEATING
  YESTERDAY        1                        15    -14        7
  MONTH TO DATE  195                       325   -130      263
  SINCE MAR 1   1123                      1176    -53     1279
  SINCE JUL 1   5966                      5720    246     6102

 COOLING
  YESTERDAY        0                         0      0        0
  MONTH TO DATE    2                         0      2        3
  SINCE MAR 1      2                         0      2        3
  SINCE JAN 1      2                         0      2        3
..................................................................


WIND (MPH)
  HIGHEST WIND SPEED    16   HIGHEST WIND DIRECTION     N (20)
  HIGHEST GUST SPEED    26   HIGHEST GUST DIRECTION     N (360)
  AVERAGE WIND SPEED     7.5


SKY COVER
  POSSIBLE SUNSHINE  MM
  AVERAGE SKY COVER 0.4


WEATHER CONDITIONS
 THE FOLLOWING WEATHER WAS RECORDED YESTERDAY.
  HAZE


RELATIVE HUMIDITY (PERCENT)
 HIGHEST    77           500 AM
 LOWEST     31          1200 PM
 AVERAGE    54

..........................................................


THE AKRON CANTON OH CLIMATE NORMALS FOR TODAY
                         NORMAL    RECORD    YEAR
 MAXIMUM TEMPERATURE (F)   61        85      1941
 MINIMUM TEMPERATURE (F)   40        22      1983


SUNRISE AND SUNSET
APRIL 19 2015.........SUNRISE   641 AM EDT   SUNSET   809 PM EDT
APRIL 20 2015.........SUNRISE   640 AM EDT   SUNSET   810 PM EDT


-  INDICATES NEGATIVE NUMBERS.
R  INDICATES RECORD WAS SET OR TIED.
MM INDICATES DATA IS MISSING.
T  INDICATES TRACE AMOUNT.




$$
