000
CDUS41 KCLE 092113
CLICAK


CLIMATE REPORT
NATIONAL WEATHER SERVICE CLEVELAND OH
512 PM EDT THU APR 9 2015


...................................

...THE AKRON CANTON OH CLIMATE SUMMARY FOR APRIL 9 2015...
VALID TODAY AS OF 0500 PM LOCAL TIME.

CLIMATE NORMAL PERIOD 1981 TO 2010
CLIMATE RECORD PERIOD 1887 TO 2015


WEATHER ITEM   OBSERVED TIME   RECORD YEAR NORMAL DEPARTURE LAST
                VALUE   (LST)  VALUE       VALUE  FROM      YEAR
                                                  NORMAL
..................................................................
TEMPERATURE (F)
 TODAY
  MAXIMUM         67   1248 PM  80    2013  57     10       58
  MINIMUM         51    301 AM  15    1972  37     14       39
  AVERAGE         59                        47     12       49

PRECIPITATION (IN)
  TODAY            0.80                      0.12   0.68     0.00
  MONTH TO DATE    2.60                      1.07   1.53     2.23
  SINCE MAR 1      5.36                      4.05   1.31     4.81
  SINCE JAN 1     10.84                      8.97   1.87     8.32

SNOWFALL (IN)
  TODAY            0.0                       0.2   -0.2      0.0
  MONTH TO DATE    T                         1.4   -1.4      0.0
  SINCE MAR 1      6.9                       9.6   -2.7      9.7
  SINCE JUL 1     59.8                      46.1   13.7     69.0
  SNOW DEPTH       0

DEGREE DAYS
 HEATING
  TODAY            6                        18    -12       16
  MONTH TO DATE  123                       178    -55      147
  SINCE MAR 1   1051                      1029     22     1163
  SINCE JUL 1   5894                      5573    321     5986

 COOLING
  TODAY            0                         0      0        0
  MONTH TO DATE    0                         0      0        0
  SINCE MAR 1      0                         0      0        0
  SINCE JAN 1      0                         0      0        0
..................................................................


WIND (MPH)
  HIGHEST WIND SPEED    23   HIGHEST WIND DIRECTION     S (190)
  HIGHEST GUST SPEED    27   HIGHEST GUST DIRECTION     S (190)


SKY COVER
  POSSIBLE SUNSHINE  MM
  AVERAGE SKY COVER 0.9


WEATHER CONDITIONS
 THE FOLLOWING WEATHER WAS RECORDED TODAY.
  THUNDERSTORM
  HEAVY RAIN
  LIGHT RAIN
  FOG
  HAZE


RELATIVE HUMIDITY (PERCENT)
 HIGHEST    90           900 AM
 LOWEST     73          1200 PM
 AVERAGE    82

..........................................................


THE AKRON CANTON OH CLIMATE NORMALS FOR TOMORROW
                         NORMAL    RECORD    YEAR
 MAXIMUM TEMPERATURE (F)   58        81      1945
 MINIMUM TEMPERATURE (F)   37        18      1997


SUNRISE AND SUNSET
APRIL  9 2015.........SUNRISE   657 AM EDT   SUNSET   759 PM EDT
APRIL 10 2015.........SUNRISE   655 AM EDT   SUNSET   800 PM EDT


-  INDICATES NEGATIVE NUMBERS.
R  INDICATES RECORD WAS SET OR TIED.
MM INDICATES DATA IS MISSING.
T  INDICATES TRACE AMOUNT.




$$
