000
CDUS41 KCLE 250558
CLICAK


CLIMATE REPORT
NATIONAL WEATHER SERVICE CLEVELAND OH
146 AM EDT SAT APR 25 2015


...................................

...THE AKRON CANTON OH CLIMATE SUMMARY FOR APRIL 24 2015...

CLIMATE NORMAL PERIOD 1981 TO 2010
CLIMATE RECORD PERIOD 1887 TO 2015


WEATHER ITEM   OBSERVED TIME   RECORD YEAR NORMAL DEPARTURE LAST
                VALUE   (LST)  VALUE       VALUE  FROM      YEAR
                                                  NORMAL
..................................................................
TEMPERATURE (F)
 YESTERDAY
  MAXIMUM         57    346 PM  88    1925  63     -6       58
  MINIMUM         27R   531 AM  27    1930  42    -15       33
  AVERAGE         42                        52    -10       46

PRECIPITATION (IN)
  YESTERDAY        0.00                      0.12  -0.12     0.00
  MONTH TO DATE    3.72                      2.87   0.85     3.47
  SINCE MAR 1      6.48                      5.85   0.63     6.05
  SINCE JAN 1     11.96                     10.77   1.19     9.56

SNOWFALL (IN)
  YESTERDAY        0.0                       0.0    0.0      0.0
  MONTH TO DATE    T                         2.6   -2.6      0.9
  SINCE MAR 1      6.9                      10.8   -3.9     10.6
  SINCE JUL 1     59.8                      47.3   12.5     69.9
  SNOW DEPTH       0

DEGREE DAYS
 HEATING
  YESTERDAY       23                        13     10       19
  MONTH TO DATE  294                       408   -114      337
  SINCE MAR 1   1222                      1259    -37     1353
  SINCE JUL 1   6065                      5803    262     6176

 COOLING
  YESTERDAY        0                         0      0        0
  MONTH TO DATE    2                         0      2        3
  SINCE MAR 1      2                         0      2        3
  SINCE JAN 1      2                         0      2        3
..................................................................


WIND (MPH)
  HIGHEST WIND SPEED    21   HIGHEST WIND DIRECTION    NW (300)
  HIGHEST GUST SPEED    27   HIGHEST GUST DIRECTION     W (270)
  AVERAGE WIND SPEED     9.1


SKY COVER
  POSSIBLE SUNSHINE  MM
  AVERAGE SKY COVER 0.3


WEATHER CONDITIONS
 THE FOLLOWING WEATHER WAS RECORDED YESTERDAY.
  NO SIGNIFICANT WEATHER WAS OBSERVED.


RELATIVE HUMIDITY (PERCENT)
 HIGHEST    85           300 AM
 LOWEST     22           400 PM
 AVERAGE    54

..........................................................


THE AKRON CANTON OH CLIMATE NORMALS FOR TODAY
                         NORMAL    RECORD    YEAR
 MAXIMUM TEMPERATURE (F)   63        88      1915
 MINIMUM TEMPERATURE (F)   42        25      1888


SUNRISE AND SUNSET
APRIL 25 2015.........SUNRISE   632 AM EDT   SUNSET   816 PM EDT
APRIL 26 2015.........SUNRISE   631 AM EDT   SUNSET   817 PM EDT


-  INDICATES NEGATIVE NUMBERS.
R  INDICATES RECORD WAS SET OR TIED.
MM INDICATES DATA IS MISSING.
T  INDICATES TRACE AMOUNT.




$$
