000
CDUS41 KCLE 081053
CLICAK


CLIMATE REPORT
NATIONAL WEATHER SERVICE CLEVELAND OH
653 AM EDT WED APR 8 2015


...................................

...THE AKRON CANTON OH CLIMATE SUMMARY FOR APRIL 7 2015...

CLIMATE NORMAL PERIOD 1981 TO 2010
CLIMATE RECORD PERIOD 1887 TO 2015


WEATHER ITEM   OBSERVED TIME   RECORD YEAR NORMAL DEPARTURE LAST
                VALUE   (LST)  VALUE       VALUE  FROM      YEAR
                                                  NORMAL
..................................................................
TEMPERATURE (F)
 YESTERDAY
  MAXIMUM         58    611 PM  82    1929  56      2       54
  MINIMUM         52    803 AM  16    1972  36     16       43
  AVERAGE         55                        46      9       49

PRECIPITATION (IN)
  YESTERDAY        0.49                      0.12   0.37     0.48
  MONTH TO DATE    1.49                      0.83   0.66     2.13
  SINCE MAR 1      4.25                      3.81   0.44     4.71
  SINCE JAN 1      9.73                      8.73   1.00     8.22

SNOWFALL (IN)
  YESTERDAY        0.0                       0.1   -0.1      0.0
  MONTH TO DATE    T                         1.1   -1.1      0.0
  SINCE MAR 1      6.9                       9.3   -2.4      9.7
  SINCE JUL 1     59.8                      45.8   14.0     69.0
  SNOW DEPTH       0

DEGREE DAYS
 HEATING
  YESTERDAY       10                        19     -9       16
  MONTH TO DATE  112                       141    -29      115
  SINCE MAR 1   1040                       992     48     1131
  SINCE JUL 1   5883                      5536    347     5954

 COOLING
  YESTERDAY        0                         0      0        0
  MONTH TO DATE    0                         0      0        0
  SINCE MAR 1      0                         0      0        0
  SINCE JAN 1      0                         0      0        0
..................................................................


WIND (MPH)
  HIGHEST WIND SPEED    15   HIGHEST WIND DIRECTION     E (90)
  HIGHEST GUST SPEED    17   HIGHEST GUST DIRECTION     E (90)
  AVERAGE WIND SPEED     7.1


SKY COVER
  POSSIBLE SUNSHINE  MM
  AVERAGE SKY COVER 1.0


WEATHER CONDITIONS
 THE FOLLOWING WEATHER WAS RECORDED YESTERDAY.
  HEAVY RAIN
  RAIN
  LIGHT RAIN
  FOG
  FOG W/VISIBILITY <= 1/4 MILE


RELATIVE HUMIDITY (PERCENT)
 HIGHEST    93           600 AM
 LOWEST     86           400 PM
 AVERAGE    90

..........................................................


THE AKRON CANTON OH CLIMATE NORMALS FOR TODAY
                         NORMAL    RECORD    YEAR
 MAXIMUM TEMPERATURE (F)   57        80      2001
 MINIMUM TEMPERATURE (F)   36        14      1972


SUNRISE AND SUNSET
APRIL  8 2015.........SUNRISE   658 AM EDT   SUNSET   758 PM EDT
APRIL  9 2015.........SUNRISE   657 AM EDT   SUNSET   759 PM EDT


-  INDICATES NEGATIVE NUMBERS.
R  INDICATES RECORD WAS SET OR TIED.
MM INDICATES DATA IS MISSING.
T  INDICATES TRACE AMOUNT.




$$
