000
CDUS41 KCLE 170535
CLICAK


CLIMATE REPORT
NATIONAL WEATHER SERVICE CLEVELAND OH
131 AM EDT FRI APR 17 2015


...................................

...THE AKRON CANTON OH CLIMATE SUMMARY FOR APRIL 16 2015...

CLIMATE NORMAL PERIOD 1981 TO 2010
CLIMATE RECORD PERIOD 1887 TO 2015


WEATHER ITEM   OBSERVED TIME   RECORD YEAR NORMAL DEPARTURE LAST
                VALUE   (LST)  VALUE       VALUE  FROM      YEAR
                                                  NORMAL
..................................................................
TEMPERATURE (F)
 YESTERDAY
  MAXIMUM         58   1241 PM  84    2002  60     -2       42
  MINIMUM         48    124 AM  16    1904  39      9       21
  AVERAGE         53                        50      3       32

PRECIPITATION (IN)
  YESTERDAY        0.26                      0.12   0.14     0.00
  MONTH TO DATE    3.17                      1.92   1.25     3.19
  SINCE MAR 1      5.93                      4.90   1.03     5.77
  SINCE JAN 1     11.41                      9.82   1.59     9.28

SNOWFALL (IN)
  YESTERDAY        0.0                       0.1   -0.1      0.0
  MONTH TO DATE    T                         2.2   -2.2      0.9
  SINCE MAR 1      6.9                      10.4   -3.5     10.6
  SINCE JUL 1     59.8                      46.9   12.9     69.9
  SNOW DEPTH       0

DEGREE DAYS
 HEATING
  YESTERDAY       12                        16     -4       33
  MONTH TO DATE  192                       295   -103      240
  SINCE MAR 1   1120                      1146    -26     1256
  SINCE JUL 1   5963                      5690    273     6079

 COOLING
  YESTERDAY        0                         0      0        0
  MONTH TO DATE    2                         0      2        3
  SINCE MAR 1      2                         0      2        3
  SINCE JAN 1      2                         0      2        3
..................................................................


WIND (MPH)
  HIGHEST WIND SPEED    23   HIGHEST WIND DIRECTION     S (170)
  HIGHEST GUST SPEED    27   HIGHEST GUST DIRECTION     S (170)
  AVERAGE WIND SPEED    11.7


SKY COVER
  POSSIBLE SUNSHINE  MM
  AVERAGE SKY COVER 0.9


WEATHER CONDITIONS
 THE FOLLOWING WEATHER WAS RECORDED YESTERDAY.
  RAIN
  LIGHT RAIN


RELATIVE HUMIDITY (PERCENT)
 HIGHEST    80          1100 AM
 LOWEST     30           500 AM
 AVERAGE    55

..........................................................


THE AKRON CANTON OH CLIMATE NORMALS FOR TODAY
                         NORMAL    RECORD    YEAR
 MAXIMUM TEMPERATURE (F)   60        85      1896
 MINIMUM TEMPERATURE (F)   39        22      1904


SUNRISE AND SUNSET
APRIL 17 2015.........SUNRISE   644 AM EDT   SUNSET   807 PM EDT
APRIL 18 2015.........SUNRISE   643 AM EDT   SUNSET   808 PM EDT


-  INDICATES NEGATIVE NUMBERS.
R  INDICATES RECORD WAS SET OR TIED.
MM INDICATES DATA IS MISSING.
T  INDICATES TRACE AMOUNT.




$$
