000
CXUS51 KCLE 051802
CLMCAK


CLIMATE REPORT
NATIONAL WEATHER SERVICE CLEVELAND OH
101 PM EST THU FEB 5 2015

...................................

...THE AKRON CANTON OH CLIMATE SUMMARY FOR THE MONTH OF JANUARY 2015...

CLIMATE NORMAL PERIOD 1981 TO 2010
CLIMATE RECORD PERIOD 1887 TO 2015

WEATHER         OBSERVED          NORMAL  DEPART  LAST YEAR`S
                 VALUE   DATE(S)  VALUE   FROM    VALUE
                                          NORMAL
.............................................................
TEMPERATURE (F)
RECORD
 HIGH              73   01/23/1906
 LOW              -25   01/19/1994
HIGHEST            58   01/04
LOWEST             -4   01/10
AVG. MAXIMUM     31.4              33.1    -1.7     29.2
AVG. MINIMUM     16.4              19.1    -2.7     12.2
MEAN             23.9              26.1    -2.2     20.7
DAYS MAX >= 90      0               0.0     0.0        0
DAYS MAX <= 32     15              14.4     0.6       18
DAYS MIN <= 32     30              26.7     3.3       28
DAYS MIN <= 0       2               1.9     0.1        7

PRECIPITATION (INCHES)
RECORD
 MAXIMUM         8.70   1950
 MINIMUM         0.71   1961
TOTALS           3.49              2.61    0.88     1.92
DAYS >= .01        19              17.1     1.9       19
DAYS >= .10         9               6.7     2.3        4
DAYS >= .50         1               1.3    -0.3        1
DAYS >= 1.00        1               0.2     0.8        0
GREATEST
 24 HR. TOTAL    1.37   01/03 TO 01/04              0.55

SNOWFALL (INCHES)
RECORDS
 TOTAL           37.5   1978
TOTALS           21.3              12.4     8.9     19.1
SINCE 7/1        29.8              26.0     3.8     42.3
DAYS >= 1.0         7               4.4     2.6        4
GREATEST
 24 HR TOTAL      3.2   MM

DEGREE_DAYS
HEATING TOTAL    1265              1206      59     1366
 SINCE 7/1       3470              3536     -66     3645
COOLING TOTAL       0                 0       0        0
 SINCE 1/1          0                 0       0        0
..............................................................

WIND (MPH)
AVERAGE WIND SPEED              10.4
HIGHEST WIND SPEED/DIRECTION    29/280    DATE  01/05
HIGHEST GUST SPEED/DIRECTION    41/270    DATE  01/04

SKY COVER
AVERAGE SKY COVER           0.80

AVERAGE RH (PERCENT)     71

WEATHER CONDITIONS. NUMBER OF DAYS WITH
THUNDERSTORM              0     MIXED PRECIP               0
HEAVY RAIN                0     RAIN                       1
LIGHT RAIN                7     FREEZING RAIN              1
LT FREEZING RAIN          4     HAIL                       0
HEAVY SNOW                2     SNOW                       5
LIGHT SNOW               20     SLEET                      2
FOG                      21     FOG W/VIS <= 1/4 MILE      0
HAZE                     18

-  INDICATES NEGATIVE NUMBERS.
R  INDICATES RECORD WAS SET OR TIED.
MM INDICATES DATA IS MISSING.
T  INDICATES TRACE AMOUNT.

$$
