000
CDUS41 KCLE 300545
CLICLE


CLIMATE REPORT
NATIONAL WEATHER SERVICE CLEVELAND OH
145 AM EDT THU APR 30 2015


...................................

...THE CLEVELAND OH CLIMATE SUMMARY FOR APRIL 29 2015...

CLIMATE NORMAL PERIOD 1981 TO 2010
CLIMATE RECORD PERIOD 1871 TO 2015


WEATHER ITEM   OBSERVED TIME   RECORD YEAR NORMAL DEPARTURE LAST
                VALUE   (LST)  VALUE       VALUE  FROM      YEAR
                                                  NORMAL
..................................................................
TEMPERATURE (F)
 YESTERDAY
  MAXIMUM         62    448 PM  84    1899  64     -2       77
  MINIMUM         34    503 AM  25    1977  45    -11       54
  AVERAGE         48                        54     -6       66

PRECIPITATION (IN)
  YESTERDAY        0.00                      0.10  -0.10     0.70
  MONTH TO DATE    2.77                      3.38  -0.61     4.60
  SINCE MAR 1      4.74                      6.31  -1.57     6.80
  SINCE JAN 1      9.54                     11.37  -1.83    11.83

SNOWFALL (IN)
  YESTERDAY        0.0                       0.0    0.0      0.0
  MONTH TO DATE    0.9                       3.3   -2.4      1.3
  SINCE MAR 1      5.7                      15.9  -10.2     16.4
  SINCE JUL 1     67.1                      68.1   -1.0     86.1
  SNOW DEPTH       0

DEGREE DAYS
 HEATING
  YESTERDAY       17                        11      6        0
  MONTH TO DATE  432                       458    -26      417
  SINCE MAR 1   1387                      1284    103     1426
  SINCE JUL 1   6337                      5501    836     6107

 COOLING
  YESTERDAY        0                         1     -1        1
  MONTH TO DATE    1                         9     -8        7
  SINCE MAR 1      1                        10     -9        7
  SINCE JAN 1      1                        10     -9        7
..................................................................


WIND (MPH)
  HIGHEST WIND SPEED    13   HIGHEST WIND DIRECTION     N (20)
  HIGHEST GUST SPEED    16   HIGHEST GUST DIRECTION     N (350)
  AVERAGE WIND SPEED     4.2


SKY COVER
  POSSIBLE SUNSHINE  MM
  AVERAGE SKY COVER 0.4


WEATHER CONDITIONS
 THE FOLLOWING WEATHER WAS RECORDED YESTERDAY.
  FOG
  HAZE


RELATIVE HUMIDITY (PERCENT)
 HIGHEST    92           500 AM
 LOWEST     42           500 PM
 AVERAGE    67

..........................................................


THE CLEVELAND OH CLIMATE NORMALS FOR TODAY
                         NORMAL    RECORD    YEAR
 MAXIMUM TEMPERATURE (F)   65        88      1942
 MINIMUM TEMPERATURE (F)   45        28      1969


SUNRISE AND SUNSET
APRIL 30 2015.........SUNRISE   626 AM EDT   SUNSET   824 PM EDT
MAY  1 2015...........SUNRISE   625 AM EDT   SUNSET   825 PM EDT


-  INDICATES NEGATIVE NUMBERS.
R  INDICATES RECORD WAS SET OR TIED.
MM INDICATES DATA IS MISSING.
T  INDICATES TRACE AMOUNT.




$$
