000
CDUS41 KCLE 081053
CLICLE


CLIMATE REPORT
NATIONAL WEATHER SERVICE CLEVELAND OH
653 AM EDT WED APR 8 2015


...................................

...THE CLEVELAND OH CLIMATE SUMMARY FOR APRIL 7 2015...

CLIMATE NORMAL PERIOD 1981 TO 2010
CLIMATE RECORD PERIOD 1871 TO 2015


WEATHER ITEM   OBSERVED TIME   RECORD YEAR NORMAL DEPARTURE LAST
                VALUE   (LST)  VALUE       VALUE  FROM      YEAR
                                                  NORMAL
..................................................................
TEMPERATURE (F)
 YESTERDAY
  MAXIMUM         54   1219 AM  83    1929  56     -2       57
                                      1893
  MINIMUM         39   1137 PM  17    1982  38      1       37
  AVERAGE         47                        47      0       47

PRECIPITATION (IN)
  YESTERDAY        0.46                      0.13   0.33     0.61
  MONTH TO DATE    1.25                      0.84   0.41     2.02
  SINCE MAR 1      3.22                      3.77  -0.55     4.22
  SINCE JAN 1      8.02                      8.83  -0.81     9.25

SNOWFALL (IN)
  YESTERDAY        0.0                       0.2   -0.2      0.0
  MONTH TO DATE    0.1                       1.5   -1.4      0.0
  SINCE MAR 1      4.9                      14.1   -9.2     15.1
  SINCE JUL 1     66.3                      66.3    0.0     84.8
  SNOW DEPTH       0

DEGREE DAYS
 HEATING
  YESTERDAY       18                        19     -1       18
  MONTH TO DATE  117                       139    -22      127
  SINCE MAR 1   1072                       965    107     1136
  SINCE JUL 1   6022                      5182    840     5817

 COOLING
  YESTERDAY        0                         0      0        0
  MONTH TO DATE    0                         0      0        0
  SINCE MAR 1      0                         1     -1        0
  SINCE JAN 1      0                         1     -1        0
..................................................................


WIND (MPH)
  HIGHEST WIND SPEED    17   HIGHEST WIND DIRECTION    SE (130)
  HIGHEST GUST SPEED    23   HIGHEST GUST DIRECTION    SE (130)
  AVERAGE WIND SPEED     7.4


SKY COVER
  POSSIBLE SUNSHINE  MM
  AVERAGE SKY COVER 1.0


WEATHER CONDITIONS
 THE FOLLOWING WEATHER WAS RECORDED YESTERDAY.
  THUNDERSTORM
  RAIN
  LIGHT RAIN
  FOG


RELATIVE HUMIDITY (PERCENT)
 HIGHEST   100           400 AM
 LOWEST     76           400 PM
 AVERAGE    88

..........................................................


THE CLEVELAND OH CLIMATE NORMALS FOR TODAY
                         NORMAL    RECORD    YEAR
 MAXIMUM TEMPERATURE (F)   56        80      2001
 MINIMUM TEMPERATURE (F)   38        11      1982


SUNRISE AND SUNSET
APRIL  8 2015.........SUNRISE   659 AM EDT   SUNSET   800 PM EDT
APRIL  9 2015.........SUNRISE   658 AM EDT   SUNSET   801 PM EDT


-  INDICATES NEGATIVE NUMBERS.
R  INDICATES RECORD WAS SET OR TIED.
MM INDICATES DATA IS MISSING.
T  INDICATES TRACE AMOUNT.




$$
