000
CDUS41 KCLE 230540
CLICLE


CLIMATE REPORT
NATIONAL WEATHER SERVICE CLEVELAND OH
126 AM EDT THU APR 23 2015


...................................

...THE CLEVELAND OH CLIMATE SUMMARY FOR APRIL 22 2015...

CLIMATE NORMAL PERIOD 1981 TO 2010
CLIMATE RECORD PERIOD 1871 TO 2015


WEATHER ITEM   OBSERVED TIME   RECORD YEAR NORMAL DEPARTURE LAST
                VALUE   (LST)  VALUE       VALUE  FROM      YEAR
                                                  NORMAL
..................................................................
TEMPERATURE (F)
 YESTERDAY
  MAXIMUM         45   1000 AM  84    1985  62    -17       64
  MINIMUM         36    935 PM  23    1875  43     -7       43
  AVERAGE         41                        52    -11       54

PRECIPITATION (IN)
  YESTERDAY        0.03                      0.11  -0.08     0.04
  MONTH TO DATE    2.55                      2.64  -0.09     3.56
  SINCE MAR 1      4.52                      5.57  -1.05     5.76
  SINCE JAN 1      9.32                     10.63  -1.31    10.79

SNOWFALL (IN)
  YESTERDAY        T                         0.0    0.0      0.0
  MONTH TO DATE    0.1                       3.1   -3.0      1.3
  SINCE MAR 1      4.9                      15.7  -10.8     16.4
  SINCE JUL 1     66.3                      67.9   -1.6     86.1
  SNOW DEPTH       0

DEGREE DAYS
 HEATING
  YESTERDAY       24                        13     11       11
  MONTH TO DATE  275                       374    -99      314
  SINCE MAR 1   1230                      1200     30     1323
  SINCE JUL 1   6180                      5417    763     6004

 COOLING
  YESTERDAY        0                         1     -1        0
  MONTH TO DATE    1                         2     -1        6
  SINCE MAR 1      1                         3     -2        6
  SINCE JAN 1      1                         3     -2        6
..................................................................


WIND (MPH)
  HIGHEST WIND SPEED    28   HIGHEST WIND DIRECTION     W (250)
  HIGHEST GUST SPEED    37   HIGHEST GUST DIRECTION     W (250)
  AVERAGE WIND SPEED    15.0


SKY COVER
  POSSIBLE SUNSHINE  MM
  AVERAGE SKY COVER 0.8


WEATHER CONDITIONS
 THE FOLLOWING WEATHER WAS RECORDED YESTERDAY.
  LIGHT RAIN
  SNOW


RELATIVE HUMIDITY (PERCENT)
 HIGHEST    76           300 AM
 LOWEST     48           800 PM
 AVERAGE    62

..........................................................


THE CLEVELAND OH CLIMATE NORMALS FOR TODAY
                         NORMAL    RECORD    YEAR
 MAXIMUM TEMPERATURE (F)   62        86      1985
 MINIMUM TEMPERATURE (F)   43        27      1994
                                             1986
                                             1875


SUNRISE AND SUNSET
APRIL 23 2015.........SUNRISE   636 AM EDT   SUNSET   816 PM EDT
APRIL 24 2015.........SUNRISE   635 AM EDT   SUNSET   817 PM EDT


-  INDICATES NEGATIVE NUMBERS.
R  INDICATES RECORD WAS SET OR TIED.
MM INDICATES DATA IS MISSING.
T  INDICATES TRACE AMOUNT.




$$
