000
CDUS41 KCLE 290545
CLICLE


CLIMATE REPORT
NATIONAL WEATHER SERVICE CLEVELAND OH
145 AM EDT WED APR 29 2015


...................................

...THE CLEVELAND OH CLIMATE SUMMARY FOR APRIL 28 2015...

CLIMATE NORMAL PERIOD 1981 TO 2010
CLIMATE RECORD PERIOD 1871 TO 2015


WEATHER ITEM   OBSERVED TIME   RECORD YEAR NORMAL DEPARTURE LAST
                VALUE   (LST)  VALUE       VALUE  FROM      YEAR
                                                  NORMAL
..................................................................
TEMPERATURE (F)
 YESTERDAY
  MAXIMUM         56    506 PM  88    1986  64     -8       56
  MINIMUM         34    449 AM  25    1947  45    -11       47
  AVERAGE         45                        54     -9       52

PRECIPITATION (IN)
  YESTERDAY        0.00                      0.11  -0.11     0.16
  MONTH TO DATE    2.77                      3.28  -0.51     3.90
  SINCE MAR 1      4.74                      6.21  -1.47     6.10
  SINCE JAN 1      9.54                     11.27  -1.73    11.13

SNOWFALL (IN)
  YESTERDAY        0.0                       0.1   -0.1      0.0
  MONTH TO DATE    0.9                       3.3   -2.4      1.3
  SINCE MAR 1      5.7                      15.9  -10.2     16.4
  SINCE JUL 1     67.1                      68.1   -1.0     86.1
  SNOW DEPTH       0

DEGREE DAYS
 HEATING
  YESTERDAY       20                        11      9       13
  MONTH TO DATE  415                       447    -32      417
  SINCE MAR 1   1370                      1273     97     1426
  SINCE JUL 1   6320                      5490    830     6107

 COOLING
  YESTERDAY        0                         1     -1        0
  MONTH TO DATE    1                         8     -7        6
  SINCE MAR 1      1                         9     -8        6
  SINCE JAN 1      1                         9     -8        6
..................................................................


WIND (MPH)
  HIGHEST WIND SPEED    13   HIGHEST WIND DIRECTION     N (360)
  HIGHEST GUST SPEED    16   HIGHEST GUST DIRECTION     N (360)
  AVERAGE WIND SPEED     6.6


SKY COVER
  POSSIBLE SUNSHINE  MM
  AVERAGE SKY COVER 0.3


WEATHER CONDITIONS
 THE FOLLOWING WEATHER WAS RECORDED YESTERDAY.
  NO SIGNIFICANT WEATHER WAS OBSERVED.


RELATIVE HUMIDITY (PERCENT)
 HIGHEST    89           600 AM
 LOWEST     50           200 PM
 AVERAGE    70

..........................................................


THE CLEVELAND OH CLIMATE NORMALS FOR TODAY
                         NORMAL    RECORD    YEAR
 MAXIMUM TEMPERATURE (F)   64        84      1899
 MINIMUM TEMPERATURE (F)   45        25      1977


SUNRISE AND SUNSET
APRIL 29 2015.........SUNRISE   628 AM EDT   SUNSET   823 PM EDT
APRIL 30 2015.........SUNRISE   626 AM EDT   SUNSET   824 PM EDT


-  INDICATES NEGATIVE NUMBERS.
R  INDICATES RECORD WAS SET OR TIED.
MM INDICATES DATA IS MISSING.
T  INDICATES TRACE AMOUNT.




$$
