000
CDUS41 KCLE 112117
CLICLE


CLIMATE REPORT
NATIONAL WEATHER SERVICE CLEVELAND OH
517 PM EDT SAT APR 11 2015


...................................

...THE CLEVELAND OH CLIMATE SUMMARY FOR APRIL 11 2015...
VALID TODAY AS OF 0500 PM LOCAL TIME.

CLIMATE NORMAL PERIOD 1981 TO 2010
CLIMATE RECORD PERIOD 1871 TO 2015


WEATHER ITEM   OBSERVED TIME   RECORD YEAR NORMAL DEPARTURE LAST
                VALUE   (LST)  VALUE       VALUE  FROM      YEAR
                                                  NORMAL
..................................................................
TEMPERATURE (F)
 TODAY
  MAXIMUM         58    359 PM  82    1945  57      1       62
                                      1930
  MINIMUM         37    644 AM  22    1882  39     -2       48
  AVERAGE         48                        48      0       55

PRECIPITATION (IN)
  TODAY            0.00                      0.13  -0.13     0.10
  MONTH TO DATE    2.05                      1.34   0.71     2.71
  SINCE MAR 1      4.02                      4.27  -0.25     4.91
  SINCE JAN 1      8.82                      9.33  -0.51     9.94

SNOWFALL (IN)
  TODAY            0.0                       0.2   -0.2      0.0
  MONTH TO DATE    0.1                       2.1   -2.0      0.0
  SINCE MAR 1      4.9                      14.7   -9.8     15.1
  SINCE JUL 1     66.3                      66.9   -0.6     84.8
  SNOW DEPTH       0

DEGREE DAYS
 HEATING
  TODAY           17                        17      0       10
  MONTH TO DATE  167                       209    -42      180
  SINCE MAR 1   1122                      1035     87     1189
  SINCE JUL 1   6072                      5252    820     5870

 COOLING
  TODAY            0                         0      0        0
  MONTH TO DATE    0                         0      0        0
  SINCE MAR 1      0                         1     -1        0
  SINCE JAN 1      0                         1     -1        0
..................................................................


WIND (MPH)
  HIGHEST WIND SPEED    23   HIGHEST WIND DIRECTION     W (290)
  HIGHEST GUST SPEED    27   HIGHEST GUST DIRECTION     W (290)


SKY COVER
  POSSIBLE SUNSHINE  MM
  AVERAGE SKY COVER 0.5


WEATHER CONDITIONS
 THE FOLLOWING WEATHER WAS RECORDED TODAY.
  NO SIGNIFICANT WEATHER WAS OBSERVED.


RELATIVE HUMIDITY (PERCENT)
 HIGHEST    92           700 AM
 LOWEST     30           300 PM
 AVERAGE    61

..........................................................


THE CLEVELAND OH CLIMATE NORMALS FOR TOMORROW
                         NORMAL    RECORD    YEAR
 MAXIMUM TEMPERATURE (F)   58        82      2001
                                             1977
                                             1896
 MINIMUM TEMPERATURE (F)   39        20      1939


SUNRISE AND SUNSET
APRIL 11 2015.........SUNRISE   655 AM EDT   SUNSET   803 PM EDT
APRIL 12 2015.........SUNRISE   653 AM EDT   SUNSET   804 PM EDT


-  INDICATES NEGATIVE NUMBERS.
R  INDICATES RECORD WAS SET OR TIED.
MM INDICATES DATA IS MISSING.
T  INDICATES TRACE AMOUNT.




$$
