000
CDUS41 KCLE 280546
CLICLE


CLIMATE REPORT
NATIONAL WEATHER SERVICE CLEVELAND OH
145 AM EDT TUE APR 28 2015


...................................

...THE CLEVELAND OH CLIMATE SUMMARY FOR APRIL 27 2015...

CLIMATE NORMAL PERIOD 1981 TO 2010
CLIMATE RECORD PERIOD 1871 TO 2015


WEATHER ITEM   OBSERVED TIME   RECORD YEAR NORMAL DEPARTURE LAST
                VALUE   (LST)  VALUE       VALUE  FROM      YEAR
                                                  NORMAL
..................................................................
TEMPERATURE (F)
 YESTERDAY
  MAXIMUM         45    513 PM  86    1990  64    -19       52
                                      1957
  MINIMUM         39    950 AM  27    1971  44     -5       40
  AVERAGE         42                        54    -12       46

PRECIPITATION (IN)
  YESTERDAY        0.06                      0.10  -0.04     0.00
  MONTH TO DATE    2.77                      3.17  -0.40     3.74
  SINCE MAR 1      4.74                      6.10  -1.36     5.94
  SINCE JAN 1      9.54                     11.16  -1.62    10.97

SNOWFALL (IN)
  YESTERDAY        0.0                       0.0    0.0      0.0
  MONTH TO DATE    0.9                       3.2   -2.3      1.3
  SINCE MAR 1      5.7                      15.8  -10.1     16.4
  SINCE JUL 1     67.1                      68.0   -0.9     86.1
  SNOW DEPTH       0

DEGREE DAYS
 HEATING
  YESTERDAY       23                        12     11       19
  MONTH TO DATE  395                       436    -41      404
  SINCE MAR 1   1350                      1262     88     1413
  SINCE JUL 1   6300                      5479    821     6094

 COOLING
  YESTERDAY        0                         1     -1        0
  MONTH TO DATE    1                         7     -6        6
  SINCE MAR 1      1                         8     -7        6
  SINCE JAN 1      1                         8     -7        6
..................................................................


WIND (MPH)
  HIGHEST WIND SPEED    22   HIGHEST WIND DIRECTION    NW (330)
  HIGHEST GUST SPEED    27   HIGHEST GUST DIRECTION    NW (320)
  AVERAGE WIND SPEED    10.7


SKY COVER
  POSSIBLE SUNSHINE  MM
  AVERAGE SKY COVER 0.8


WEATHER CONDITIONS
 THE FOLLOWING WEATHER WAS RECORDED YESTERDAY.
  LIGHT RAIN
  FOG


RELATIVE HUMIDITY (PERCENT)
 HIGHEST    92           800 AM
 LOWEST     65           600 PM
 AVERAGE    79

..........................................................


THE CLEVELAND OH CLIMATE NORMALS FOR TODAY
                         NORMAL    RECORD    YEAR
 MAXIMUM TEMPERATURE (F)   64        88      1986
 MINIMUM TEMPERATURE (F)   45        25      1947


SUNRISE AND SUNSET
APRIL 28 2015.........SUNRISE   629 AM EDT   SUNSET   821 PM EDT
APRIL 29 2015.........SUNRISE   628 AM EDT   SUNSET   823 PM EDT


-  INDICATES NEGATIVE NUMBERS.
R  INDICATES RECORD WAS SET OR TIED.
MM INDICATES DATA IS MISSING.
T  INDICATES TRACE AMOUNT.




$$
