000
CDUS41 KCLE 100611
CLICLE


CLIMATE REPORT
NATIONAL WEATHER SERVICE CLEVELAND OH
210 AM EDT FRI APR 10 2015


...................................

...THE CLEVELAND OH CLIMATE SUMMARY FOR APRIL 9 2015...

CLIMATE NORMAL PERIOD 1981 TO 2010
CLIMATE RECORD PERIOD 1871 TO 2015


WEATHER ITEM   OBSERVED TIME   RECORD YEAR NORMAL DEPARTURE LAST
                VALUE   (LST)  VALUE       VALUE  FROM      YEAR
                                                  NORMAL
..................................................................
TEMPERATURE (F)
 YESTERDAY
  MAXIMUM         68    803 PM  81    1931  57     11       52
  MINIMUM         39    307 AM  17    1972  38      1       40
  AVERAGE         54                        47      7       46

PRECIPITATION (IN)
  YESTERDAY        0.71                      0.13   0.58      T
  MONTH TO DATE    1.96                      1.09   0.87     2.29
  SINCE MAR 1      3.93                      4.02  -0.09     4.49
  SINCE JAN 1      8.73                      9.08  -0.35     9.52

SNOWFALL (IN)
  YESTERDAY        0.0                       0.2   -0.2      0.0
  MONTH TO DATE    0.1                       1.8   -1.7      0.0
  SINCE MAR 1      4.9                      14.4   -9.5     15.1
  SINCE JUL 1     66.3                      66.6   -0.3     84.8
  SNOW DEPTH       0

DEGREE DAYS
 HEATING
  YESTERDAY       11                        18     -7       19
  MONTH TO DATE  141                       175    -34      163
  SINCE MAR 1   1096                      1001     95     1172
  SINCE JUL 1   6046                      5218    828     5853

 COOLING
  YESTERDAY        0                         0      0        0
  MONTH TO DATE    0                         0      0        0
  SINCE MAR 1      0                         1     -1        0
  SINCE JAN 1      0                         1     -1        0
..................................................................


WIND (MPH)
  HIGHEST WIND SPEED    25   HIGHEST WIND DIRECTION     S (180)
  HIGHEST GUST SPEED    31   HIGHEST GUST DIRECTION     S (190)
  AVERAGE WIND SPEED    10.3


SKY COVER
  POSSIBLE SUNSHINE  MM
  AVERAGE SKY COVER 0.9


WEATHER CONDITIONS
 THE FOLLOWING WEATHER WAS RECORDED YESTERDAY.
  THUNDERSTORM
  HEAVY RAIN
  RAIN
  LIGHT RAIN
  FOG
  FOG W/VISIBILITY <= 1/4 MILE


RELATIVE HUMIDITY (PERCENT)
 HIGHEST   100           100 AM
 LOWEST     68          1100 AM
 AVERAGE    84

..........................................................


THE CLEVELAND OH CLIMATE NORMALS FOR TODAY
                         NORMAL    RECORD    YEAR
 MAXIMUM TEMPERATURE (F)   57        83      1978
                                             1945
 MINIMUM TEMPERATURE (F)   39        20      1997


SUNRISE AND SUNSET
APRIL 10 2015.........SUNRISE   656 AM EDT   SUNSET   802 PM EDT
APRIL 11 2015.........SUNRISE   655 AM EDT   SUNSET   803 PM EDT


-  INDICATES NEGATIVE NUMBERS.
R  INDICATES RECORD WAS SET OR TIED.
MM INDICATES DATA IS MISSING.
T  INDICATES TRACE AMOUNT.




$$
