000
CDUS41 KCLE 091136
CLICLE


CLIMATE REPORT
NATIONAL WEATHER SERVICE CLEVELAND OH
734 AM EDT THU APR 9 2015


...................................

...THE CLEVELAND OH CLIMATE SUMMARY FOR APRIL 8 2015...

CLIMATE NORMAL PERIOD 1981 TO 2010
CLIMATE RECORD PERIOD 1871 TO 2015


WEATHER ITEM   OBSERVED TIME   RECORD YEAR NORMAL DEPARTURE LAST
                VALUE   (LST)  VALUE       VALUE  FROM      YEAR
                                                  NORMAL
..................................................................
TEMPERATURE (F)
 YESTERDAY
  MAXIMUM         66   1051 AM  80    2001  56     10       57
  MINIMUM         37    838 PM  11    1982  38     -1       38
  AVERAGE         52                        47      5       48

PRECIPITATION (IN)
  YESTERDAY        T                         0.12  -0.12     0.27
  MONTH TO DATE    1.25                      0.96   0.29     2.29
  SINCE MAR 1      3.22                      3.89  -0.67     4.49
  SINCE JAN 1      8.02                      8.95  -0.93     9.52

SNOWFALL (IN)
  YESTERDAY        0.0                       0.1   -0.1      0.0
  MONTH TO DATE    0.1                       1.6   -1.5      0.0
  SINCE MAR 1      4.9                      14.2   -9.3     15.1
  SINCE JUL 1     66.3                      66.4   -0.1     84.8
  SNOW DEPTH       0

DEGREE DAYS
 HEATING
  YESTERDAY       13                        18     -5       17
  MONTH TO DATE  130                       157    -27      144
  SINCE MAR 1   1085                       983    102     1153
  SINCE JUL 1   6035                      5200    835     5834

 COOLING
  YESTERDAY        0                         0      0        0
  MONTH TO DATE    0                         0      0        0
  SINCE MAR 1      0                         1     -1        0
  SINCE JAN 1      0                         1     -1        0
..................................................................


WIND (MPH)
  HIGHEST WIND SPEED    14   HIGHEST WIND DIRECTION     S (200)
  HIGHEST GUST SPEED    24   HIGHEST GUST DIRECTION     S (200)
  AVERAGE WIND SPEED     5.9


SKY COVER
  POSSIBLE SUNSHINE  MM
  AVERAGE SKY COVER 1.0


WEATHER CONDITIONS
 THE FOLLOWING WEATHER WAS RECORDED YESTERDAY.
  LIGHT RAIN
  FOG
  HAZE


RELATIVE HUMIDITY (PERCENT)
 HIGHEST   100           500 AM
 LOWEST     67           300 PM
 AVERAGE    84

..........................................................


THE CLEVELAND OH CLIMATE NORMALS FOR TODAY
                         NORMAL    RECORD    YEAR
 MAXIMUM TEMPERATURE (F)   57        81      1931
 MINIMUM TEMPERATURE (F)   38        17      1972


SUNRISE AND SUNSET
APRIL  9 2015.........SUNRISE   658 AM EDT   SUNSET   801 PM EDT
APRIL 10 2015.........SUNRISE   656 AM EDT   SUNSET   802 PM EDT


-  INDICATES NEGATIVE NUMBERS.
R  INDICATES RECORD WAS SET OR TIED.
MM INDICATES DATA IS MISSING.
T  INDICATES TRACE AMOUNT.




$$
