000
CDUS41 KCLE 060633
CLICLE


CLIMATE REPORT
NATIONAL WEATHER SERVICE CLEVELAND OH
137 AM EDT WED MAY 6 2015


...................................

...THE CLEVELAND OH CLIMATE SUMMARY FOR MAY 5 2015...

CLIMATE NORMAL PERIOD 1981 TO 2010
CLIMATE RECORD PERIOD 1871 TO 2015


WEATHER ITEM   OBSERVED TIME   RECORD YEAR NORMAL DEPARTURE LAST
                VALUE   (LST)  VALUE       VALUE  FROM      YEAR
                                                  NORMAL
..................................................................
TEMPERATURE (F)
 YESTERDAY
  MAXIMUM         69    159 PM  89    1949  66      3       55
  MINIMUM         50    314 PM  30    1968  47      3       39
  AVERAGE         60                        56      4       47

PRECIPITATION (IN)
  YESTERDAY        0.04                      0.11  -0.07      T
  MONTH TO DATE    0.08                      0.56  -0.48     0.04
  SINCE MAR 1      4.82                      6.98  -2.16     7.20
  SINCE JAN 1      9.62                     12.04  -2.42    12.23

SNOWFALL (IN)
  YESTERDAY        0.0                       0.0    0.0      0.0
  MONTH TO DATE    0.0                       0.1   -0.1      0.0
  SINCE MAR 1      5.7                      16.0  -10.3     16.4
  SINCE JUL 1     67.1                      68.2   -1.1     86.1
  SNOW DEPTH       0

DEGREE DAYS
 HEATING
  YESTERDAY        5                         9     -4       18
  MONTH TO DATE   27                        49    -22       63
  SINCE MAR 1   1432                      1343     89     1497
  SINCE JUL 1   6382                      5560    822     6178

 COOLING
  YESTERDAY        0                         1     -1        0
  MONTH TO DATE    5                         5      0        0
  SINCE MAR 1      6                        16    -10        7
  SINCE JAN 1      6                        16    -10        7
..................................................................


WIND (MPH)
  HIGHEST WIND SPEED    24   HIGHEST WIND DIRECTION     W (290)
  HIGHEST GUST SPEED    31   HIGHEST GUST DIRECTION     W (270)
  AVERAGE WIND SPEED     3.9


SKY COVER
  POSSIBLE SUNSHINE  MM
  AVERAGE SKY COVER 1.0


WEATHER CONDITIONS
 THE FOLLOWING WEATHER WAS RECORDED YESTERDAY.
  THUNDERSTORM
  LIGHT RAIN
  FOG
  HAZE


RELATIVE HUMIDITY (PERCENT)
 HIGHEST    93           200 AM
 LOWEST     81          1000 AM
 AVERAGE    87

..........................................................


THE CLEVELAND OH CLIMATE NORMALS FOR TODAY
                         NORMAL    RECORD    YEAR
 MAXIMUM TEMPERATURE (F)   67        92      1959
 MINIMUM TEMPERATURE (F)   47        26      1968


SUNRISE AND SUNSET
MAY  6 2015...........SUNRISE   619 AM EDT   SUNSET   830 PM EDT
MAY  7 2015...........SUNRISE   617 AM EDT   SUNSET   831 PM EDT


-  INDICATES NEGATIVE NUMBERS.
R  INDICATES RECORD WAS SET OR TIED.
MM INDICATES DATA IS MISSING.
T  INDICATES TRACE AMOUNT.




$$
