000
CDUS41 KCLE 220538
CLICLE


CLIMATE REPORT
NATIONAL WEATHER SERVICE CLEVELAND OH
126 AM EDT WED APR 22 2015


...................................

...THE CLEVELAND OH CLIMATE SUMMARY FOR APRIL 21 2015...

CLIMATE NORMAL PERIOD 1981 TO 2010
CLIMATE RECORD PERIOD 1871 TO 2015


WEATHER ITEM   OBSERVED TIME   RECORD YEAR NORMAL DEPARTURE LAST
                VALUE   (LST)  VALUE       VALUE  FROM      YEAR
                                                  NORMAL
..................................................................
TEMPERATURE (F)
 YESTERDAY
  MAXIMUM         58    207 PM  86    1952  61     -3       79
  MINIMUM         43    610 AM  24    1875  42      1       49
  AVERAGE         51                        52     -1       64

PRECIPITATION (IN)
  YESTERDAY        0.01                      0.12  -0.11      T
  MONTH TO DATE    2.52                      2.53  -0.01     3.52
  SINCE MAR 1      4.49                      5.46  -0.97     5.72
  SINCE JAN 1      9.29                     10.52  -1.23    10.75

SNOWFALL (IN)
  YESTERDAY        0.0                       0.1   -0.1      0.0
  MONTH TO DATE    0.1                       3.1   -3.0      1.3
  SINCE MAR 1      4.9                      15.7  -10.8     16.4
  SINCE JUL 1     66.3                      67.9   -1.6     86.1
  SNOW DEPTH       0

DEGREE DAYS
 HEATING
  YESTERDAY       14                        14      0        1
  MONTH TO DATE  251                       361   -110      303
  SINCE MAR 1   1206                      1187     19     1312
  SINCE JUL 1   6156                      5404    752     5993

 COOLING
  YESTERDAY        0                         1     -1        0
  MONTH TO DATE    1                         1      0        6
  SINCE MAR 1      1                         2     -1        6
  SINCE JAN 1      1                         2     -1        6
..................................................................


WIND (MPH)
  HIGHEST WIND SPEED    38   HIGHEST WIND DIRECTION    SW (240)
  HIGHEST GUST SPEED    51   HIGHEST GUST DIRECTION    SW (230)
  AVERAGE WIND SPEED    18.8


SKY COVER
  POSSIBLE SUNSHINE  MM
  AVERAGE SKY COVER 0.6


WEATHER CONDITIONS
 THE FOLLOWING WEATHER WAS RECORDED YESTERDAY.
  LIGHT RAIN


RELATIVE HUMIDITY (PERCENT)
 HIGHEST    70           400 AM
 LOWEST     27           300 PM
 AVERAGE    49

..........................................................


THE CLEVELAND OH CLIMATE NORMALS FOR TODAY
                         NORMAL    RECORD    YEAR
 MAXIMUM TEMPERATURE (F)   62        84      1985
 MINIMUM TEMPERATURE (F)   43        23      1875


SUNRISE AND SUNSET
APRIL 22 2015.........SUNRISE   638 AM EDT   SUNSET   815 PM EDT
APRIL 23 2015.........SUNRISE   636 AM EDT   SUNSET   816 PM EDT


-  INDICATES NEGATIVE NUMBERS.
R  INDICATES RECORD WAS SET OR TIED.
MM INDICATES DATA IS MISSING.
T  INDICATES TRACE AMOUNT.




$$
