000
CDUS41 KCLE 150526
CLICLE


CLIMATE REPORT
NATIONAL WEATHER SERVICE CLEVELAND OH
126 AM EDT WED APR 15 2015


...................................

...THE CLEVELAND OH CLIMATE SUMMARY FOR APRIL 14 2015...

CLIMATE NORMAL PERIOD 1981 TO 2010
CLIMATE RECORD PERIOD 1871 TO 2015


WEATHER ITEM   OBSERVED TIME   RECORD YEAR NORMAL DEPARTURE LAST
                VALUE   (LST)  VALUE       VALUE  FROM      YEAR
                                                  NORMAL
..................................................................
TEMPERATURE (F)
 YESTERDAY
  MAXIMUM         59    435 PM  85    1883  59      0       73
  MINIMUM         45    401 AM  20    1950  40      5       41
  AVERAGE         52                        49      3       57

PRECIPITATION (IN)
  YESTERDAY        0.00                      0.12  -0.12     0.45
  MONTH TO DATE    2.13                      1.71   0.42     3.16
  SINCE MAR 1      4.10                      4.64  -0.54     5.36
  SINCE JAN 1      8.90                      9.70  -0.80    10.39

SNOWFALL (IN)
  YESTERDAY        0.0                       0.1   -0.1      0.0
  MONTH TO DATE    0.1                       2.5   -2.4      0.0
  SINCE MAR 1      4.9                      15.1  -10.2     15.1
  SINCE JUL 1     66.3                      67.3   -1.0     84.8
  SNOW DEPTH       0

DEGREE DAYS
 HEATING
  YESTERDAY       13                        16     -3        8
  MONTH TO DATE  192                       258    -66      192
  SINCE MAR 1   1147                      1084     63     1201
  SINCE JUL 1   6097                      5301    796     5882

 COOLING
  YESTERDAY        0                         0      0        0
  MONTH TO DATE    1                         0      1        6
  SINCE MAR 1      1                         1      0        6
  SINCE JAN 1      1                         1      0        6
..................................................................


WIND (MPH)
  HIGHEST WIND SPEED    15   HIGHEST WIND DIRECTION    NE (30)
  HIGHEST GUST SPEED    18   HIGHEST GUST DIRECTION    NE (30)
  AVERAGE WIND SPEED     4.6


SKY COVER
  POSSIBLE SUNSHINE  MM
  AVERAGE SKY COVER 0.8


WEATHER CONDITIONS
 THE FOLLOWING WEATHER WAS RECORDED YESTERDAY.
  NO SIGNIFICANT WEATHER WAS OBSERVED.


RELATIVE HUMIDITY (PERCENT)
 HIGHEST    83           300 AM
 LOWEST     24           500 PM
 AVERAGE    54

..........................................................


THE CLEVELAND OH CLIMATE NORMALS FOR TODAY
                         NORMAL    RECORD    YEAR
 MAXIMUM TEMPERATURE (F)   59        84      2010
 MINIMUM TEMPERATURE (F)   40        22      1935


SUNRISE AND SUNSET
APRIL 15 2015.........SUNRISE   648 AM EDT   SUNSET   807 PM EDT
APRIL 16 2015.........SUNRISE   647 AM EDT   SUNSET   809 PM EDT


-  INDICATES NEGATIVE NUMBERS.
R  INDICATES RECORD WAS SET OR TIED.
MM INDICATES DATA IS MISSING.
T  INDICATES TRACE AMOUNT.




$$
