000
CDUS41 KCLE 252117
CLICLE


CLIMATE REPORT
NATIONAL WEATHER SERVICE CLEVELAND OH
516 PM EDT SAT APR 25 2015


...................................

...THE CLEVELAND OH CLIMATE SUMMARY FOR APRIL 25 2015...
VALID TODAY AS OF 0500 PM LOCAL TIME.

CLIMATE NORMAL PERIOD 1981 TO 2010
CLIMATE RECORD PERIOD 1871 TO 2015


WEATHER ITEM   OBSERVED TIME   RECORD YEAR NORMAL DEPARTURE LAST
                VALUE   (LST)  VALUE       VALUE  FROM      YEAR
                                                  NORMAL
..................................................................
TEMPERATURE (F)
 TODAY
  MAXIMUM         50    302 PM  87    1990  63    -13       60
  MINIMUM         38    618 AM  27    1888  44     -6       41
  AVERAGE         44                        53     -9       51

PRECIPITATION (IN)
  TODAY            0.08                      0.10  -0.02     0.18
  MONTH TO DATE    2.71                      2.96  -0.25     3.74
  SINCE MAR 1      4.68                      5.89  -1.21     5.94
  SINCE JAN 1      9.48                     10.95  -1.47    10.97

SNOWFALL (IN)
  TODAY            0.0                       0.0    0.0      0.0
  MONTH TO DATE    0.9                       3.2   -2.3      1.3
  SINCE MAR 1      5.7                      15.8  -10.1     16.4
  SINCE JUL 1     67.1                      68.0   -0.9     86.1
  SNOW DEPTH       0

DEGREE DAYS
 HEATING
  TODAY           21                        12      9       14
  MONTH TO DATE  352                       412    -60      370
  SINCE MAR 1   1307                      1238     69     1379
  SINCE JUL 1   6257                      5455    802     6060

 COOLING
  TODAY            0                         1     -1        0
  MONTH TO DATE    1                         5     -4        6
  SINCE MAR 1      1                         6     -5        6
  SINCE JAN 1      1                         6     -5        6
..................................................................


WIND (MPH)
  HIGHEST WIND SPEED    21   HIGHEST WIND DIRECTION    NE (30)
  HIGHEST GUST SPEED    26   HIGHEST GUST DIRECTION    NE (30)


SKY COVER
  POSSIBLE SUNSHINE  MM
  AVERAGE SKY COVER 0.9


WEATHER CONDITIONS
 THE FOLLOWING WEATHER WAS RECORDED TODAY.
  LIGHT RAIN


RELATIVE HUMIDITY (PERCENT)
 HIGHEST    92           500 AM
 LOWEST     32           300 PM
 AVERAGE    62

..........................................................


THE CLEVELAND OH CLIMATE NORMALS FOR TOMORROW
                         NORMAL    RECORD    YEAR
 MAXIMUM TEMPERATURE (F)   63        87      1948
 MINIMUM TEMPERATURE (F)   44        26      1972


SUNRISE AND SUNSET
APRIL 25 2015.........SUNRISE   633 AM EDT   SUNSET   818 PM EDT
APRIL 26 2015.........SUNRISE   632 AM EDT   SUNSET   819 PM EDT


-  INDICATES NEGATIVE NUMBERS.
R  INDICATES RECORD WAS SET OR TIED.
MM INDICATES DATA IS MISSING.
T  INDICATES TRACE AMOUNT.




$$
