000
CDUS41 KCLE 160526
CLICLE


CLIMATE REPORT
NATIONAL WEATHER SERVICE CLEVELAND OH
125 AM EDT THU APR 16 2015


...................................

...THE CLEVELAND OH CLIMATE SUMMARY FOR APRIL 15 2015...

CLIMATE NORMAL PERIOD 1981 TO 2010
CLIMATE RECORD PERIOD 1871 TO 2015


WEATHER ITEM   OBSERVED TIME   RECORD YEAR NORMAL DEPARTURE LAST
                VALUE   (LST)  VALUE       VALUE  FROM      YEAR
                                                  NORMAL
..................................................................
TEMPERATURE (F)
 YESTERDAY
  MAXIMUM         60   1246 PM  84    2010  59      1       41
  MINIMUM         41    201 AM  22    1935  40      1       31
  AVERAGE         51                        50      1       36

PRECIPITATION (IN)
  YESTERDAY        0.00                      0.12  -0.12     0.36
  MONTH TO DATE    2.13                      1.83   0.30     3.52
  SINCE MAR 1      4.10                      4.76  -0.66     5.72
  SINCE JAN 1      8.90                      9.82  -0.92    10.75

SNOWFALL (IN)
  YESTERDAY        0.0                       0.1   -0.1      1.3
  MONTH TO DATE    0.1                       2.6   -2.5      1.3
  SINCE MAR 1      4.9                      15.2  -10.3     16.4
  SINCE JUL 1     66.3                      67.4   -1.1     86.1
  SNOW DEPTH       0

DEGREE DAYS
 HEATING
  YESTERDAY       14                        16     -2       29
  MONTH TO DATE  206                       274    -68      221
  SINCE MAR 1   1161                      1100     61     1230
  SINCE JUL 1   6111                      5317    794     5911

 COOLING
  YESTERDAY        0                         0      0        0
  MONTH TO DATE    1                         0      1        6
  SINCE MAR 1      1                         1      0        6
  SINCE JAN 1      1                         1      0        6
..................................................................


WIND (MPH)
  HIGHEST WIND SPEED    24   HIGHEST WIND DIRECTION    NE (40)
  HIGHEST GUST SPEED    29   HIGHEST GUST DIRECTION    NE (40)
  AVERAGE WIND SPEED    10.2


SKY COVER
  POSSIBLE SUNSHINE  MM
  AVERAGE SKY COVER 0.8


WEATHER CONDITIONS
 THE FOLLOWING WEATHER WAS RECORDED YESTERDAY.
  NO SIGNIFICANT WEATHER WAS OBSERVED.


RELATIVE HUMIDITY (PERCENT)
 HIGHEST    67           200 AM
 LOWEST     23           100 PM
 AVERAGE    45

..........................................................


THE CLEVELAND OH CLIMATE NORMALS FOR TODAY
                         NORMAL    RECORD    YEAR
 MAXIMUM TEMPERATURE (F)   59        85      2002
 MINIMUM TEMPERATURE (F)   41        18      1875


SUNRISE AND SUNSET
APRIL 16 2015.........SUNRISE   647 AM EDT   SUNSET   809 PM EDT
APRIL 17 2015.........SUNRISE   645 AM EDT   SUNSET   810 PM EDT


-  INDICATES NEGATIVE NUMBERS.
R  INDICATES RECORD WAS SET OR TIED.
MM INDICATES DATA IS MISSING.
T  INDICATES TRACE AMOUNT.




$$
