000
CDUS41 KCLE 250558
CLICLE


CLIMATE REPORT
NATIONAL WEATHER SERVICE CLEVELAND OH
146 AM EDT SAT APR 25 2015


...................................

...THE CLEVELAND OH CLIMATE SUMMARY FOR APRIL 24 2015...

CLIMATE NORMAL PERIOD 1981 TO 2010
CLIMATE RECORD PERIOD 1871 TO 2015


WEATHER ITEM   OBSERVED TIME   RECORD YEAR NORMAL DEPARTURE LAST
                VALUE   (LST)  VALUE       VALUE  FROM      YEAR
                                                  NORMAL
..................................................................
TEMPERATURE (F)
 YESTERDAY
  MAXIMUM         50    524 PM  88    1925  63    -13       56
  MINIMUM         27R   207 AM  28    2003  43    -16       34
                                      1930
                                      1883
  AVERAGE         39                        53    -14       45

PRECIPITATION (IN)
  YESTERDAY        0.00                      0.11  -0.11      T
  MONTH TO DATE    2.63                      2.86  -0.23     3.56
  SINCE MAR 1      4.60                      5.79  -1.19     5.76
  SINCE JAN 1      9.40                     10.85  -1.45    10.79

SNOWFALL (IN)
  YESTERDAY        0.0                       0.1   -0.1      0.0
  MONTH TO DATE    0.9                       3.2   -2.3      1.3
  SINCE MAR 1      5.7                      15.8  -10.1     16.4
  SINCE JUL 1     67.1                      68.0   -0.9     86.1
  SNOW DEPTH       0

DEGREE DAYS
 HEATING
  YESTERDAY       26                        13     13       20
  MONTH TO DATE  331                       400    -69      356
  SINCE MAR 1   1286                      1226     60     1365
  SINCE JUL 1   6236                      5443    793     6046

 COOLING
  YESTERDAY        0                         1     -1        0
  MONTH TO DATE    1                         4     -3        6
  SINCE MAR 1      1                         5     -4        6
  SINCE JAN 1      1                         5     -4        6
..................................................................


WIND (MPH)
  HIGHEST WIND SPEED    18   HIGHEST WIND DIRECTION     W (270)
  HIGHEST GUST SPEED    25   HIGHEST GUST DIRECTION     W (290)
  AVERAGE WIND SPEED     7.8


SKY COVER
  POSSIBLE SUNSHINE  MM
  AVERAGE SKY COVER 0.1


WEATHER CONDITIONS
 THE FOLLOWING WEATHER WAS RECORDED YESTERDAY.
  NO SIGNIFICANT WEATHER WAS OBSERVED.


RELATIVE HUMIDITY (PERCENT)
 HIGHEST    78          1200 AM
 LOWEST     36           500 PM
 AVERAGE    57

..........................................................


THE CLEVELAND OH CLIMATE NORMALS FOR TODAY
                         NORMAL    RECORD    YEAR
 MAXIMUM TEMPERATURE (F)   63        87      1990
 MINIMUM TEMPERATURE (F)   44        27      1888


SUNRISE AND SUNSET
APRIL 25 2015.........SUNRISE   633 AM EDT   SUNSET   818 PM EDT
APRIL 26 2015.........SUNRISE   632 AM EDT   SUNSET   819 PM EDT


-  INDICATES NEGATIVE NUMBERS.
R  INDICATES RECORD WAS SET OR TIED.
MM INDICATES DATA IS MISSING.
T  INDICATES TRACE AMOUNT.




$$
