000
CDUS41 KCLE 240540
CLICLE


CLIMATE REPORT
NATIONAL WEATHER SERVICE CLEVELAND OH
127 AM EDT FRI APR 24 2015


...................................

...THE CLEVELAND OH CLIMATE SUMMARY FOR APRIL 23 2015...

CLIMATE NORMAL PERIOD 1981 TO 2010
CLIMATE RECORD PERIOD 1871 TO 2015


WEATHER ITEM   OBSERVED TIME   RECORD YEAR NORMAL DEPARTURE LAST
                VALUE   (LST)  VALUE       VALUE  FROM      YEAR
                                                  NORMAL
..................................................................
TEMPERATURE (F)
 YESTERDAY
  MAXIMUM         39    332 PM  86    1985  62    -23       51
  MINIMUM         30   1155 PM  27    1994  43    -13       34
                                      1986
                                      1875
  AVERAGE         35                        52    -17       43

PRECIPITATION (IN)
  YESTERDAY        0.08                      0.11  -0.03     0.00
  MONTH TO DATE    2.63                      2.75  -0.12     3.56
  SINCE MAR 1      4.60                      5.68  -1.08     5.76
  SINCE JAN 1      9.40                     10.74  -1.34    10.79

SNOWFALL (IN)
  YESTERDAY        0.8                       0.0    0.8      0.0
  MONTH TO DATE    0.9                       3.1   -2.2      1.3
  SINCE MAR 1      5.7                      15.7  -10.0     16.4
  SINCE JUL 1     67.1                      67.9   -0.8     86.1
  SNOW DEPTH       0

DEGREE DAYS
 HEATING
  YESTERDAY       30                        13     17       22
  MONTH TO DATE  305                       387    -82      336
  SINCE MAR 1   1260                      1213     47     1345
  SINCE JUL 1   6210                      5430    780     6026

 COOLING
  YESTERDAY        0                         1     -1        0
  MONTH TO DATE    1                         3     -2        6
  SINCE MAR 1      1                         4     -3        6
  SINCE JAN 1      1                         4     -3        6
..................................................................


WIND (MPH)
  HIGHEST WIND SPEED    21   HIGHEST WIND DIRECTION     W (290)
  HIGHEST GUST SPEED    29   HIGHEST GUST DIRECTION     W (290)
  AVERAGE WIND SPEED    10.1


SKY COVER
  POSSIBLE SUNSHINE  MM
  AVERAGE SKY COVER 0.9


WEATHER CONDITIONS
 THE FOLLOWING WEATHER WAS RECORDED YESTERDAY.
  LIGHT SNOW
  FOG


RELATIVE HUMIDITY (PERCENT)
 HIGHEST    89           500 AM
 LOWEST     59          1200 PM
 AVERAGE    74

..........................................................


THE CLEVELAND OH CLIMATE NORMALS FOR TODAY
                         NORMAL    RECORD    YEAR
 MAXIMUM TEMPERATURE (F)   63        88      1925
 MINIMUM TEMPERATURE (F)   43        28      2003
                                             1930
                                             1883


SUNRISE AND SUNSET
APRIL 24 2015.........SUNRISE   635 AM EDT   SUNSET   817 PM EDT
APRIL 25 2015.........SUNRISE   633 AM EDT   SUNSET   818 PM EDT


-  INDICATES NEGATIVE NUMBERS.
R  INDICATES RECORD WAS SET OR TIED.
MM INDICATES DATA IS MISSING.
T  INDICATES TRACE AMOUNT.




$$
