000
CXUS51 KCLE 041443
CLMCLE


CLIMATE REPORT
NATIONAL WEATHER SERVICE CLEVELAND OH
1042 AM EDT SAT APR 4 2015

...................................

...THE CLEVELAND OH CLIMATE SUMMARY FOR THE MONTH OF MARCH 2015...

CLIMATE NORMAL PERIOD 1981 TO 2010
CLIMATE RECORD PERIOD 1871 TO 2015

WEATHER         OBSERVED          NORMAL  DEPART  LAST YEAR`S
                 VALUE   DATE(S)  VALUE   FROM    VALUE
                                          NORMAL
.............................................................
TEMPERATURE (F)
RECORD
 HIGH              83   03/22/2012
                        03/21/2012
                        03/20/2012
 LOW               -5   03/09/1984
                        03/12/1948
HIGHEST            61   03/16
LOWEST              1   03/06
AVG. MAXIMUM     42.6              46.6    -4.0     41.4
AVG. MINIMUM     25.1              30.2    -5.1     23.1
MEAN             33.9              38.4    -4.5     32.2
DAYS MAX >= 90      0               0.0     0.0        0
DAYS MAX <= 32      7               3.6     3.4        7
DAYS MIN <= 32     25              18.9     6.1       24
DAYS MIN <= 0       0               0.0     0.0        1

PRECIPITATION (INCHES)
RECORD
 MAXIMUM         8.31   1913
 MINIMUM         0.41   1910
TOTALS           1.97              2.93   -0.96     2.20
DAYS >= .01        11              14.2    -3.2       14
DAYS >= .10         6               7.8    -1.8        6
DAYS >= .50         1               1.6    -0.6        2
DAYS >= 1.00        0               0.2    -0.2        0
GREATEST
 24 HR. TOTAL    0.55   03/26 TO 03/26              0.62

SNOWFALL (INCHES)
RECORDS
 TOTAL           30.4   2008
TOTALS            4.8              12.6    -7.8     15.1
SINCE 7/1        66.2              64.8     1.4     84.8
DAYS >= 1.0         1               3.6    -2.6        5
GREATEST
 24 HR TOTAL      4.3   MM

DEGREE_DAYS
HEATING TOTAL     955               826     129     1009
 SINCE 7/1       5905              5043     862     5690
COOLING TOTAL       0                 1      -1        0
 SINCE 1/1          0                 1      -1        0
..............................................................

WIND (MPH)
AVERAGE WIND SPEED              9.9
HIGHEST WIND SPEED/DIRECTION    32/340    DATE  03/17
HIGHEST GUST SPEED/DIRECTION    41/240    DATE  03/25

SKY COVER
AVERAGE SKY COVER           0.70

AVERAGE RH (PERCENT)     66

WEATHER CONDITIONS. NUMBER OF DAYS WITH
THUNDERSTORM              0     MIXED PRECIP               0
HEAVY RAIN                0     RAIN                       1
LIGHT RAIN               13     FREEZING RAIN              0
LT FREEZING RAIN          1     HAIL                       0
HEAVY SNOW                0     SNOW                       2
LIGHT SNOW                7     SLEET                      1
FOG                      15     FOG W/VIS <= 1/4 MILE      3
HAZE                      8

-  INDICATES NEGATIVE NUMBERS.
R  INDICATES RECORD WAS SET OR TIED.
MM INDICATES DATA IS MISSING.
T  INDICATES TRACE AMOUNT.

$$
