000
CDUS41 KCLE 240540
CLIERI


CLIMATE REPORT
NATIONAL WEATHER SERVICE CLEVELAND OH
127 AM EDT FRI APR 24 2015


...................................

...THE ERIE PA CLIMATE SUMMARY FOR APRIL 23 2015...

CLIMATE NORMAL PERIOD 1981 TO 2010
CLIMATE RECORD PERIOD 1873 TO 2015


WEATHER ITEM   OBSERVED TIME   RECORD YEAR NORMAL DEPARTURE LAST
                VALUE   (LST)  VALUE       VALUE  FROM      YEAR
                                                  NORMAL
..................................................................
TEMPERATURE (F)
 YESTERDAY
  MAXIMUM         36    222 AM  84    1885  59    -23       45
  MINIMUM         32    334 PM  27    1989  41     -9       36
                                      1978
                                      1930
  AVERAGE         34                        50    -16       41

PRECIPITATION (IN)
  YESTERDAY        T                         0.11  -0.11     0.00
  MONTH TO DATE    2.55                      2.61  -0.06     2.66
  SINCE MAR 1      4.55                      5.56  -1.01     5.83
  SINCE JAN 1     10.31                     10.90  -0.59    11.74

SNOWFALL (IN)
  YESTERDAY        T                         0.0    0.0      0.0
  MONTH TO DATE    T                         3.1   -3.1      1.2
  SINCE MAR 1     10.9                      16.8   -5.9     18.8
  SINCE JUL 1    110.3                     100.8    9.5    138.4
  SNOW DEPTH       0

DEGREE DAYS
 HEATING
  YESTERDAY       31                        15     16       24
  MONTH TO DATE  368                       444    -76      420
  SINCE MAR 1   1414                      1355     59     1559
  SINCE JUL 1   6290                      5720    570     6380

 COOLING
  YESTERDAY        0                         0      0        0
  MONTH TO DATE    0                         0      0        0
  SINCE MAR 1      0                         1     -1        0
  SINCE JAN 1      0                         1     -1        0
..................................................................


WIND (MPH)
  HIGHEST WIND SPEED    20   HIGHEST WIND DIRECTION     W (280)
  HIGHEST GUST SPEED    27   HIGHEST GUST DIRECTION     W (270)
  AVERAGE WIND SPEED    11.2


SKY COVER
  POSSIBLE SUNSHINE  MM
  AVERAGE SKY COVER 1.0


WEATHER CONDITIONS
 THE FOLLOWING WEATHER WAS RECORDED YESTERDAY.
  LIGHT SNOW


RELATIVE HUMIDITY (PERCENT)
 HIGHEST    82           300 AM
 LOWEST     61          1200 PM
 AVERAGE    72

..........................................................


THE ERIE PA CLIMATE NORMALS FOR TODAY
                         NORMAL    RECORD    YEAR
 MAXIMUM TEMPERATURE (F)   60        85      1958
 MINIMUM TEMPERATURE (F)   41        28      2014
                                             2003
                                             1980


SUNRISE AND SUNSET
APRIL 24 2015.........SUNRISE   627 AM EDT   SUNSET   812 PM EDT
APRIL 25 2015.........SUNRISE   625 AM EDT   SUNSET   813 PM EDT


-  INDICATES NEGATIVE NUMBERS.
R  INDICATES RECORD WAS SET OR TIED.
MM INDICATES DATA IS MISSING.
T  INDICATES TRACE AMOUNT.




$$
