000
CDUS41 KCLE 090546
CLIERI


CLIMATE REPORT
NATIONAL WEATHER SERVICE CLEVELAND OH
145 AM EDT THU APR 9 2015


...................................

...THE ERIE PA CLIMATE SUMMARY FOR APRIL 8 2015...

CLIMATE NORMAL PERIOD 1981 TO 2010
CLIMATE RECORD PERIOD 1873 TO 2015


WEATHER ITEM   OBSERVED TIME   RECORD YEAR NORMAL DEPARTURE LAST
                VALUE   (LST)  VALUE       VALUE  FROM      YEAR
                                                  NORMAL
..................................................................
TEMPERATURE (F)
 YESTERDAY
  MAXIMUM         60   1135 AM  78    2001  53      7       49
                                      1991
  MINIMUM         34   1159 PM  12    1982  36     -2       35
  AVERAGE         47                        44      3       42

PRECIPITATION (IN)
  YESTERDAY        0.24                      0.12   0.12     0.18
  MONTH TO DATE    1.05                      0.92   0.13     1.31
  SINCE MAR 1      3.05                      3.87  -0.82     4.48
  SINCE JAN 1      8.81                      9.21  -0.40    10.39

SNOWFALL (IN)
  YESTERDAY       MM                         0.2   MM         T
  MONTH TO DATE    0.0                       1.7   -1.7       T
  SINCE MAR 1     10.9                      15.4   -4.5     17.6
  SINCE JUL 1    110.3                      99.4   10.9    137.2
  SNOW DEPTH       0

DEGREE DAYS
 HEATING
  YESTERDAY       18                        21     -3       23
  MONTH TO DATE  161                       178    -17      181
  SINCE MAR 1   1207                      1089    118     1320
  SINCE JUL 1   6083                      5454    629     6141

 COOLING
  YESTERDAY        0                         0      0        0
  MONTH TO DATE    0                         0      0        0
  SINCE MAR 1      0                         1     -1        0
  SINCE JAN 1      0                         1     -1        0
..................................................................


WIND (MPH)
  HIGHEST WIND SPEED    23   HIGHEST WIND DIRECTION     S (170)
  HIGHEST GUST SPEED    28   HIGHEST GUST DIRECTION     S (180)
  AVERAGE WIND SPEED     8.5


SKY COVER
  POSSIBLE SUNSHINE  MM
  AVERAGE SKY COVER 0.9


WEATHER CONDITIONS
 THE FOLLOWING WEATHER WAS RECORDED YESTERDAY.
  THUNDERSTORM
  RAIN
  LIGHT RAIN
  FOG
  FOG W/VISIBILITY <= 1/4 MILE
  HAZE


RELATIVE HUMIDITY (PERCENT)
 HIGHEST    93           400 PM
 LOWEST     80          1100 AM
 AVERAGE    87

..........................................................


THE ERIE PA CLIMATE NORMALS FOR TODAY
                         NORMAL    RECORD    YEAR
 MAXIMUM TEMPERATURE (F)   54        79      1969
 MINIMUM TEMPERATURE (F)   36        17      1977
                                             1972
                                             1958


SUNRISE AND SUNSET
APRIL  9 2015.........SUNRISE   650 AM EDT   SUNSET   755 PM EDT
APRIL 10 2015.........SUNRISE   649 AM EDT   SUNSET   756 PM EDT


-  INDICATES NEGATIVE NUMBERS.
R  INDICATES RECORD WAS SET OR TIED.
MM INDICATES DATA IS MISSING.
T  INDICATES TRACE AMOUNT.




$$
