000
CDUS41 KCLE 081053
CLIERI


CLIMATE REPORT
NATIONAL WEATHER SERVICE CLEVELAND OH
653 AM EDT WED APR 8 2015


...................................

...THE ERIE PA CLIMATE SUMMARY FOR APRIL 7 2015...

CLIMATE NORMAL PERIOD 1981 TO 2010
CLIMATE RECORD PERIOD 1873 TO 2015


WEATHER ITEM   OBSERVED TIME   RECORD YEAR NORMAL DEPARTURE LAST
                VALUE   (LST)  VALUE       VALUE  FROM      YEAR
                                                  NORMAL
..................................................................
TEMPERATURE (F)
 YESTERDAY
  MAXIMUM         46    103 AM  81    1929  53     -7       54
                                      1921
  MINIMUM         35    936 AM  16    1982  35      0       34
  AVERAGE         41                        44     -3       44

PRECIPITATION (IN)
  YESTERDAY        0.05                      0.12  -0.07     0.68
  MONTH TO DATE    0.81                      0.80   0.01     1.13
  SINCE MAR 1      2.81                      3.75  -0.94     4.30
  SINCE JAN 1      8.57                      9.09  -0.52    10.21

SNOWFALL (IN)
  YESTERDAY        0.0                       0.2   -0.2      0.0
  MONTH TO DATE    0.0                       1.5   -1.5      0.0
  SINCE MAR 1     10.9                      15.2   -4.3     17.6
  SINCE JUL 1    110.3                      99.2   11.1    137.2
  SNOW DEPTH       0

DEGREE DAYS
 HEATING
  YESTERDAY       24                        21      3       21
  MONTH TO DATE  143                       157    -14      158
  SINCE MAR 1   1189                      1068    121     1297
  SINCE JUL 1   6065                      5433    632     6118

 COOLING
  YESTERDAY        0                         0      0        0
  MONTH TO DATE    0                         0      0        0
  SINCE MAR 1      0                         1     -1        0
  SINCE JAN 1      0                         1     -1        0
..................................................................


WIND (MPH)
  HIGHEST WIND SPEED    28   HIGHEST WIND DIRECTION    NE (50)
  HIGHEST GUST SPEED    36   HIGHEST GUST DIRECTION    NE (40)
  AVERAGE WIND SPEED    12.5


SKY COVER
  POSSIBLE SUNSHINE  MM
  AVERAGE SKY COVER 1.0


WEATHER CONDITIONS
 THE FOLLOWING WEATHER WAS RECORDED YESTERDAY.
  LIGHT RAIN
  FOG
  HAZE


RELATIVE HUMIDITY (PERCENT)
 HIGHEST    92           800 AM
 LOWEST     65           600 PM
 AVERAGE    79

..........................................................


THE ERIE PA CLIMATE NORMALS FOR TODAY
                         NORMAL    RECORD    YEAR
 MAXIMUM TEMPERATURE (F)   53        78      2001
                                             1991
 MINIMUM TEMPERATURE (F)   36        12      1982


SUNRISE AND SUNSET
APRIL  8 2015.........SUNRISE   652 AM EDT   SUNSET   754 PM EDT
APRIL  9 2015.........SUNRISE   650 AM EDT   SUNSET   755 PM EDT


-  INDICATES NEGATIVE NUMBERS.
R  INDICATES RECORD WAS SET OR TIED.
MM INDICATES DATA IS MISSING.
T  INDICATES TRACE AMOUNT.




$$
