000
CDUS41 KCLE 200536
CLIERI


CLIMATE REPORT
NATIONAL WEATHER SERVICE CLEVELAND OH
135 AM EDT MON APR 20 2015


...................................

...THE ERIE PA CLIMATE SUMMARY FOR APRIL 19 2015...

CLIMATE NORMAL PERIOD 1981 TO 2010
CLIMATE RECORD PERIOD 1873 TO 2015


WEATHER ITEM   OBSERVED TIME   RECORD YEAR NORMAL DEPARTURE LAST
                VALUE   (LST)  VALUE       VALUE  FROM      YEAR
                                                  NORMAL
..................................................................
TEMPERATURE (F)
 YESTERDAY
  MAXIMUM         72    447 PM  84    2008  58     14       49
  MINIMUM         37    539 AM  23    1904  39     -2       35
                                      1897
                                      1875
  AVERAGE         55                        48      7       42

PRECIPITATION (IN)
  YESTERDAY        0.09                      0.11  -0.02     0.00
  MONTH TO DATE    2.35                      2.19   0.16     2.45
  SINCE MAR 1      4.35                      5.14  -0.79     5.62
  SINCE JAN 1     10.11                     10.48  -0.37    11.53

SNOWFALL (IN)
  YESTERDAY        0.0                       0.1   -0.1      0.0
  MONTH TO DATE    0.0                       3.0   -3.0      1.2
  SINCE MAR 1     10.9                      16.7   -5.8     18.8
  SINCE JUL 1    110.3                     100.7    9.6    138.4
  SNOW DEPTH       0

DEGREE DAYS
 HEATING
  YESTERDAY       10                        17     -7       23
  MONTH TO DATE  291                       381    -90      369
  SINCE MAR 1   1337                      1292     45     1508
  SINCE JUL 1   6213                      5657    556     6329

 COOLING
  YESTERDAY        0                         0      0        0
  MONTH TO DATE    0                         0      0        0
  SINCE MAR 1      0                         1     -1        0
  SINCE JAN 1      0                         1     -1        0
..................................................................


WIND (MPH)
  HIGHEST WIND SPEED    31   HIGHEST WIND DIRECTION    SE (140)
  HIGHEST GUST SPEED    47   HIGHEST GUST DIRECTION    SE (130)
  AVERAGE WIND SPEED    11.8


SKY COVER
  POSSIBLE SUNSHINE  MM
  AVERAGE SKY COVER 0.2


WEATHER CONDITIONS
 THE FOLLOWING WEATHER WAS RECORDED YESTERDAY.
  LIGHT RAIN


RELATIVE HUMIDITY (PERCENT)
 HIGHEST    83          1100 PM
 LOWEST     25           500 PM
 AVERAGE    54

..........................................................


THE ERIE PA CLIMATE NORMALS FOR TODAY
                         NORMAL    RECORD    YEAR
 MAXIMUM TEMPERATURE (F)   58        82      1992
                                             1941
 MINIMUM TEMPERATURE (F)   40        23      1904


SUNRISE AND SUNSET
APRIL 20 2015.........SUNRISE   633 AM EDT   SUNSET   807 PM EDT
APRIL 21 2015.........SUNRISE   631 AM EDT   SUNSET   808 PM EDT


-  INDICATES NEGATIVE NUMBERS.
R  INDICATES RECORD WAS SET OR TIED.
MM INDICATES DATA IS MISSING.
T  INDICATES TRACE AMOUNT.




$$
