000
CDUS41 KCLE 160526
CLIERI


CLIMATE REPORT
NATIONAL WEATHER SERVICE CLEVELAND OH
125 AM EDT THU APR 16 2015


...................................

...THE ERIE PA CLIMATE SUMMARY FOR APRIL 15 2015...

CLIMATE NORMAL PERIOD 1981 TO 2010
CLIMATE RECORD PERIOD 1873 TO 2015


WEATHER ITEM   OBSERVED TIME   RECORD YEAR NORMAL DEPARTURE LAST
                VALUE   (LST)  VALUE       VALUE  FROM      YEAR
                                                  NORMAL
..................................................................
TEMPERATURE (F)
 YESTERDAY
  MAXIMUM         57    435 PM  85    1993  56      1       41
  MINIMUM         33    544 AM  20    1926  38     -5       27
  AVERAGE         45                        47     -2       34

PRECIPITATION (IN)
  YESTERDAY        0.00                      0.11  -0.11     0.45
  MONTH TO DATE    1.92                      1.75   0.17     2.45
  SINCE MAR 1      3.92                      4.70  -0.78     5.62
  SINCE JAN 1      9.68                     10.04  -0.36    11.53

SNOWFALL (IN)
  YESTERDAY        0.0                       0.2   -0.2      1.2
  MONTH TO DATE    0.0                       2.7   -2.7      1.2
  SINCE MAR 1     10.9                      16.4   -5.5     18.8
  SINCE JUL 1    110.3                     100.4    9.9    138.4
  SNOW DEPTH       0

DEGREE DAYS
 HEATING
  YESTERDAY       20                        18      2       31
  MONTH TO DATE  258                       312    -54      280
  SINCE MAR 1   1304                      1223     81     1419
  SINCE JUL 1   6180                      5588    592     6240

 COOLING
  YESTERDAY        0                         0      0        0
  MONTH TO DATE    0                         0      0        0
  SINCE MAR 1      0                         1     -1        0
  SINCE JAN 1      0                         1     -1        0
..................................................................


WIND (MPH)
  HIGHEST WIND SPEED    18   HIGHEST WIND DIRECTION    NE (50)
  HIGHEST GUST SPEED    24   HIGHEST GUST DIRECTION    NE (40)
  AVERAGE WIND SPEED     8.3


SKY COVER
  POSSIBLE SUNSHINE  MM
  AVERAGE SKY COVER 0.0


WEATHER CONDITIONS
 THE FOLLOWING WEATHER WAS RECORDED YESTERDAY.
  NO SIGNIFICANT WEATHER WAS OBSERVED.


RELATIVE HUMIDITY (PERCENT)
 HIGHEST    82           300 AM
 LOWEST     24           200 PM
 AVERAGE    53

..........................................................


THE ERIE PA CLIMATE NORMALS FOR TODAY
                         NORMAL    RECORD    YEAR
 MAXIMUM TEMPERATURE (F)   56        82      2012
                                             2002
 MINIMUM TEMPERATURE (F)   38        21      2014
                                             1875


SUNRISE AND SUNSET
APRIL 16 2015.........SUNRISE   639 AM EDT   SUNSET   803 PM EDT
APRIL 17 2015.........SUNRISE   637 AM EDT   SUNSET   804 PM EDT


-  INDICATES NEGATIVE NUMBERS.
R  INDICATES RECORD WAS SET OR TIED.
MM INDICATES DATA IS MISSING.
T  INDICATES TRACE AMOUNT.




$$
